{"id":118578,"date":"2025-10-04T22:20:28","date_gmt":"2025-10-04T22:20:28","guid":{"rendered":"https:\/\/casafreitas.pt\/loja\/produto\/dispensador-cerveja-35l-refresco-v0100594-innovagoods\/"},"modified":"2025-10-24T07:11:44","modified_gmt":"2025-10-24T07:11:44","slug":"dispensador-cerveja-35l-refresco-v0100594-innovagoods","status":"publish","type":"product","link":"https:\/\/casafreitas.pt\/loja\/produto\/dispensador-cerveja-35l-refresco-v0100594-innovagoods\/","title":{"rendered":"Dispensador de cerveja 3,5l refresco v0100594 innovagoods"},"content":{"rendered":"","protected":false},"excerpt":{"rendered":"<p>Dispensador de cerveja e refresco 3,5l v0100594 innovagoods. as melhores festas de moda j\u00e1 contam com o dispensador de cerveja e refresco ball innovagoods kitchen fun! perfeito para servir e arrefecer as bebidas, j\u00e1 que, disp\u00f5e de um compartimento fechado para gelo no seu interior que refrigera o conte\u00fado sem agu\u00e1-lo. dep\u00f3sito interior fechado e extra\u00edvel para gelo. dimens\u00f5es aprox: \u00f84,8x19cm (diametro\/altura)<\/p>\n","protected":false},"featured_media":118577,"comment_status":"open","ping_status":"closed","template":"","meta":[],"product_brand":[],"product_cat":[15325,8800],"product_tag":[],"class_list":{"0":"post-118578","1":"product","2":"type-product","3":"status-publish","4":"has-post-thumbnail","6":"product_cat-dispensadores-pequenos-domesticos","7":"product_cat-pequenos-domesticos","9":"first","10":"instock","11":"taxable","12":"shipping-taxable","13":"purchasable","14":"product-type-simple"},"_links":{"self":[{"href":"https:\/\/casafreitas.pt\/loja\/wp-json\/wp\/v2\/product\/118578","targetHints":{"allow":["GET"]}}],"collection":[{"href":"https:\/\/casafreitas.pt\/loja\/wp-json\/wp\/v2\/product"}],"about":[{"href":"https:\/\/casafreitas.pt\/loja\/wp-json\/wp\/v2\/types\/product"}],"replies":[{"embeddable":true,"href":"https:\/\/casafreitas.pt\/loja\/wp-json\/wp\/v2\/comments?post=118578"}],"version-history":[{"count":1,"href":"https:\/\/casafreitas.pt\/loja\/wp-json\/wp\/v2\/product\/118578\/revisions"}],"predecessor-version":[{"id":118579,"href":"https:\/\/casafreitas.pt\/loja\/wp-json\/wp\/v2\/product\/118578\/revisions\/118579"}],"wp:featuredmedia":[{"embeddable":true,"href":"https:\/\/casafreitas.pt\/loja\/wp-json\/wp\/v2\/media\/118577"}],"wp:attachment":[{"href":"https:\/\/casafreitas.pt\/loja\/wp-json\/wp\/v2\/media?parent=118578"}],"wp:term":[{"taxonomy":"product_brand","embeddable":true,"href":"https:\/\/casafreitas.pt\/loja\/wp-json\/wp\/v2\/product_brand?post=118578"},{"taxonomy":"product_cat","embeddable":true,"href":"https:\/\/casafreitas.pt\/loja\/wp-json\/wp\/v2\/product_cat?post=118578"},{"taxonomy":"product_tag","embeddable":true,"href":"https:\/\/casafreitas.pt\/loja\/wp-json\/wp\/v2\/product_tag?post=118578"}],"curies":[{"name":"wp","href":"https:\/\/api.w.org\/{rel}","templated":true}]}}