{"id":118164,"date":"2025-10-04T16:49:19","date_gmt":"2025-10-04T16:49:19","guid":{"rendered":"https:\/\/casafreitas.pt\/loja\/produto\/contador-consumo-agua-ideal-cellfast\/"},"modified":"2025-10-24T07:11:23","modified_gmt":"2025-10-24T07:11:23","slug":"contador-consumo-agua-ideal-cellfast","status":"publish","type":"product","link":"https:\/\/casafreitas.pt\/loja\/produto\/contador-consumo-agua-ideal-cellfast\/","title":{"rendered":"Contador de consumo de \u00e1gua ideal cellfast"},"content":{"rendered":"","protected":false},"excerpt":{"rendered":"<p>Contador digital de consumo de \u00e1gua ideal, com contador total\/parcial de consumo e fun\u00e7\u00f5es avan\u00e7adas. conecta-se \u00e0 rede de \u00e1gua mediante conector r\u00e1pido que tem incorporado<\/p>\n","protected":false},"featured_media":118163,"comment_status":"open","ping_status":"closed","template":"","meta":[],"product_brand":[],"product_cat":[17853,18009],"product_tag":[],"class_list":{"0":"post-118164","1":"product","2":"type-product","3":"status-publish","4":"has-post-thumbnail","6":"product_cat-programadores-de-irrigacao-jardim-e-espaco-exterior","7":"product_cat-jardim-espaco-exterior","9":"first","10":"instock","11":"taxable","12":"shipping-taxable","13":"purchasable","14":"product-type-simple"},"_links":{"self":[{"href":"https:\/\/casafreitas.pt\/loja\/wp-json\/wp\/v2\/product\/118164","targetHints":{"allow":["GET"]}}],"collection":[{"href":"https:\/\/casafreitas.pt\/loja\/wp-json\/wp\/v2\/product"}],"about":[{"href":"https:\/\/casafreitas.pt\/loja\/wp-json\/wp\/v2\/types\/product"}],"replies":[{"embeddable":true,"href":"https:\/\/casafreitas.pt\/loja\/wp-json\/wp\/v2\/comments?post=118164"}],"version-history":[{"count":1,"href":"https:\/\/casafreitas.pt\/loja\/wp-json\/wp\/v2\/product\/118164\/revisions"}],"predecessor-version":[{"id":118165,"href":"https:\/\/casafreitas.pt\/loja\/wp-json\/wp\/v2\/product\/118164\/revisions\/118165"}],"wp:featuredmedia":[{"embeddable":true,"href":"https:\/\/casafreitas.pt\/loja\/wp-json\/wp\/v2\/media\/118163"}],"wp:attachment":[{"href":"https:\/\/casafreitas.pt\/loja\/wp-json\/wp\/v2\/media?parent=118164"}],"wp:term":[{"taxonomy":"product_brand","embeddable":true,"href":"https:\/\/casafreitas.pt\/loja\/wp-json\/wp\/v2\/product_brand?post=118164"},{"taxonomy":"product_cat","embeddable":true,"href":"https:\/\/casafreitas.pt\/loja\/wp-json\/wp\/v2\/product_cat?post=118164"},{"taxonomy":"product_tag","embeddable":true,"href":"https:\/\/casafreitas.pt\/loja\/wp-json\/wp\/v2\/product_tag?post=118164"}],"curies":[{"name":"wp","href":"https:\/\/api.w.org\/{rel}","templated":true}]}}