{"id":118104,"date":"2025-10-04T16:44:36","date_gmt":"2025-10-04T16:44:36","guid":{"rendered":"https:\/\/casafreitas.pt\/loja\/produto\/kit-rega-basic-mangueira-125mmx20m-suporte-parede-conectores-cellfast\/"},"modified":"2025-10-24T07:11:20","modified_gmt":"2025-10-24T07:11:20","slug":"kit-rega-basic-mangueira-125mmx20m-suporte-parede-conectores-cellfast","status":"publish","type":"product","link":"https:\/\/casafreitas.pt\/loja\/produto\/kit-rega-basic-mangueira-125mmx20m-suporte-parede-conectores-cellfast\/","title":{"rendered":"Kit de rega basic, mangueira 12,5mmx20m, suporte parede e conectores cellfast"},"content":{"rendered":"","protected":false},"excerpt":{"rendered":"<p>Kit de rega basic com 20m de mangueira basic de 12,5m de di\u00e2metro, suporte de parede em polipropileno para pendurar na parede, conector universal para torneira, conex\u00e3o r\u00e1pida, conector com sistema water stop e agulheta de rega. mangueira que suporta at\u00e9 25 bares de precis\u00e3o e temperaturas desde -20\u00bac at\u00e9 +60\u00bac, fabricada com 3 capas de pvc de alta resist\u00eancia e malha tran\u00e7ada de refor\u00e7o muito resistente aos raios uv de alta flexibilidade, com tratamento antialgas e livre de aftalatos<\/p>\n","protected":false},"featured_media":118103,"comment_status":"open","ping_status":"closed","template":"","meta":[],"product_brand":[],"product_cat":[17843,18009],"product_tag":[],"class_list":{"0":"post-118104","1":"product","2":"type-product","3":"status-publish","4":"has-post-thumbnail","6":"product_cat-kits-de-mangueira-jardim-e-espaco-exterior","7":"product_cat-jardim-espaco-exterior","9":"first","10":"instock","11":"taxable","12":"shipping-taxable","13":"purchasable","14":"product-type-simple"},"_links":{"self":[{"href":"https:\/\/casafreitas.pt\/loja\/wp-json\/wp\/v2\/product\/118104","targetHints":{"allow":["GET"]}}],"collection":[{"href":"https:\/\/casafreitas.pt\/loja\/wp-json\/wp\/v2\/product"}],"about":[{"href":"https:\/\/casafreitas.pt\/loja\/wp-json\/wp\/v2\/types\/product"}],"replies":[{"embeddable":true,"href":"https:\/\/casafreitas.pt\/loja\/wp-json\/wp\/v2\/comments?post=118104"}],"version-history":[{"count":1,"href":"https:\/\/casafreitas.pt\/loja\/wp-json\/wp\/v2\/product\/118104\/revisions"}],"predecessor-version":[{"id":118105,"href":"https:\/\/casafreitas.pt\/loja\/wp-json\/wp\/v2\/product\/118104\/revisions\/118105"}],"wp:featuredmedia":[{"embeddable":true,"href":"https:\/\/casafreitas.pt\/loja\/wp-json\/wp\/v2\/media\/118103"}],"wp:attachment":[{"href":"https:\/\/casafreitas.pt\/loja\/wp-json\/wp\/v2\/media?parent=118104"}],"wp:term":[{"taxonomy":"product_brand","embeddable":true,"href":"https:\/\/casafreitas.pt\/loja\/wp-json\/wp\/v2\/product_brand?post=118104"},{"taxonomy":"product_cat","embeddable":true,"href":"https:\/\/casafreitas.pt\/loja\/wp-json\/wp\/v2\/product_cat?post=118104"},{"taxonomy":"product_tag","embeddable":true,"href":"https:\/\/casafreitas.pt\/loja\/wp-json\/wp\/v2\/product_tag?post=118104"}],"curies":[{"name":"wp","href":"https:\/\/api.w.org\/{rel}","templated":true}]}}