{"id":117576,"date":"2025-10-04T16:00:08","date_gmt":"2025-10-04T16:00:08","guid":{"rendered":"https:\/\/casafreitas.pt\/loja\/produto\/escova-cerdas-suaves-para-superficies-delicadas-cleansystem-18810-20-gardena\/"},"modified":"2025-10-24T07:11:02","modified_gmt":"2025-10-24T07:11:02","slug":"escova-cerdas-suaves-para-superficies-delicadas-cleansystem-18810-20-gardena","status":"publish","type":"product","link":"https:\/\/casafreitas.pt\/loja\/produto\/escova-cerdas-suaves-para-superficies-delicadas-cleansystem-18810-20-gardena\/","title":{"rendered":"Escova de cerdas suaves para superf\u00edcies delicadas cleansystem 18810-20 gardena"},"content":{"rendered":"","protected":false},"excerpt":{"rendered":"<p>Escova de cerdas suaves para superf\u00edcies delicadas cleansystem 18810-20 gardena. totalmente orient\u00e1vel a 360\u00ba de 30\u00ba em 30\u00ba, para adaptar-se e limpar a superf\u00edcie sem esfor\u00e7o. revestimento com uma tira de pl\u00e1stico suave \u00e0 v olta da escova, para evitar riscos<\/p>\n","protected":false},"featured_media":117575,"comment_status":"open","ping_status":"closed","template":"","meta":[],"product_brand":[],"product_cat":[13284,18009],"product_tag":[],"class_list":{"0":"post-117576","1":"product","2":"type-product","3":"status-publish","4":"has-post-thumbnail","6":"product_cat-acessorios-mangueiras","7":"product_cat-jardim-espaco-exterior","9":"first","10":"instock","11":"taxable","12":"shipping-taxable","13":"purchasable","14":"product-type-simple"},"_links":{"self":[{"href":"https:\/\/casafreitas.pt\/loja\/wp-json\/wp\/v2\/product\/117576","targetHints":{"allow":["GET"]}}],"collection":[{"href":"https:\/\/casafreitas.pt\/loja\/wp-json\/wp\/v2\/product"}],"about":[{"href":"https:\/\/casafreitas.pt\/loja\/wp-json\/wp\/v2\/types\/product"}],"replies":[{"embeddable":true,"href":"https:\/\/casafreitas.pt\/loja\/wp-json\/wp\/v2\/comments?post=117576"}],"version-history":[{"count":1,"href":"https:\/\/casafreitas.pt\/loja\/wp-json\/wp\/v2\/product\/117576\/revisions"}],"predecessor-version":[{"id":117577,"href":"https:\/\/casafreitas.pt\/loja\/wp-json\/wp\/v2\/product\/117576\/revisions\/117577"}],"wp:featuredmedia":[{"embeddable":true,"href":"https:\/\/casafreitas.pt\/loja\/wp-json\/wp\/v2\/media\/117575"}],"wp:attachment":[{"href":"https:\/\/casafreitas.pt\/loja\/wp-json\/wp\/v2\/media?parent=117576"}],"wp:term":[{"taxonomy":"product_brand","embeddable":true,"href":"https:\/\/casafreitas.pt\/loja\/wp-json\/wp\/v2\/product_brand?post=117576"},{"taxonomy":"product_cat","embeddable":true,"href":"https:\/\/casafreitas.pt\/loja\/wp-json\/wp\/v2\/product_cat?post=117576"},{"taxonomy":"product_tag","embeddable":true,"href":"https:\/\/casafreitas.pt\/loja\/wp-json\/wp\/v2\/product_tag?post=117576"}],"curies":[{"name":"wp","href":"https:\/\/api.w.org\/{rel}","templated":true}]}}