{"id":116991,"date":"2025-10-04T15:11:32","date_gmt":"2025-10-04T15:11:32","guid":{"rendered":"https:\/\/casafreitas.pt\/loja\/produto\/conector-duplo-ideal-1\/"},"modified":"2025-10-24T07:10:42","modified_gmt":"2025-10-24T07:10:42","slug":"conector-duplo-ideal-1","status":"publish","type":"product","link":"https:\/\/casafreitas.pt\/loja\/produto\/conector-duplo-ideal-1\/","title":{"rendered":"Conector duplo ideal 1&#8243;"},"content":{"rendered":"","protected":false},"excerpt":{"rendered":"<p>Conector duplo de 1&#8243; ideal\u2122 para liga\u00e7\u00e3o tempor\u00e1ria de duas extremidades de mangueira equipada com conectores r\u00e1pidos para mangueira de 1&#8243;.<\/p>\n","protected":false},"featured_media":116990,"comment_status":"open","ping_status":"closed","template":"","meta":[],"product_brand":[],"product_cat":[17831,18009],"product_tag":[],"class_list":{"0":"post-116991","1":"product","2":"type-product","3":"status-publish","4":"has-post-thumbnail","6":"product_cat-conectores-de-mangueira-jardim-e-espaco-exterior","7":"product_cat-jardim-espaco-exterior","9":"first","10":"instock","11":"taxable","12":"shipping-taxable","13":"purchasable","14":"product-type-simple"},"_links":{"self":[{"href":"https:\/\/casafreitas.pt\/loja\/wp-json\/wp\/v2\/product\/116991","targetHints":{"allow":["GET"]}}],"collection":[{"href":"https:\/\/casafreitas.pt\/loja\/wp-json\/wp\/v2\/product"}],"about":[{"href":"https:\/\/casafreitas.pt\/loja\/wp-json\/wp\/v2\/types\/product"}],"replies":[{"embeddable":true,"href":"https:\/\/casafreitas.pt\/loja\/wp-json\/wp\/v2\/comments?post=116991"}],"version-history":[{"count":1,"href":"https:\/\/casafreitas.pt\/loja\/wp-json\/wp\/v2\/product\/116991\/revisions"}],"predecessor-version":[{"id":116992,"href":"https:\/\/casafreitas.pt\/loja\/wp-json\/wp\/v2\/product\/116991\/revisions\/116992"}],"wp:featuredmedia":[{"embeddable":true,"href":"https:\/\/casafreitas.pt\/loja\/wp-json\/wp\/v2\/media\/116990"}],"wp:attachment":[{"href":"https:\/\/casafreitas.pt\/loja\/wp-json\/wp\/v2\/media?parent=116991"}],"wp:term":[{"taxonomy":"product_brand","embeddable":true,"href":"https:\/\/casafreitas.pt\/loja\/wp-json\/wp\/v2\/product_brand?post=116991"},{"taxonomy":"product_cat","embeddable":true,"href":"https:\/\/casafreitas.pt\/loja\/wp-json\/wp\/v2\/product_cat?post=116991"},{"taxonomy":"product_tag","embeddable":true,"href":"https:\/\/casafreitas.pt\/loja\/wp-json\/wp\/v2\/product_tag?post=116991"}],"curies":[{"name":"wp","href":"https:\/\/api.w.org\/{rel}","templated":true}]}}