{"id":116940,"date":"2025-10-04T15:07:31","date_gmt":"2025-10-04T15:07:31","guid":{"rendered":"https:\/\/casafreitas.pt\/loja\/produto\/distribuidor-4-vias-ergo-g1-2-g3-4-y-g1\/"},"modified":"2025-10-24T07:10:41","modified_gmt":"2025-10-24T07:10:41","slug":"distribuidor-4-vias-ergo-g1-2-g3-4-y-g1","status":"publish","type":"product","link":"https:\/\/casafreitas.pt\/loja\/produto\/distribuidor-4-vias-ergo-g1-2-g3-4-y-g1\/","title":{"rendered":"Distribuidor de 4 vias ergo g1\/2&#8243;, g3\/4&#8243; y g1"},"content":{"rendered":"","protected":false},"excerpt":{"rendered":"<p>O novo distribuidor ergon\u00f3mico permite ligar quatro aparelhos simultaneamente a uma torneira. v\u00e1lvulas com sinais claros de abertura e fecho permitem o controlo intuitivo e suave do fluxo de \u00e1gua. este fluxo pode ser ajustado separadamente para cada sa\u00edda. utilizando conectores de extens\u00e3o adequados, existe a possibilidade de ligar o distribuidor com mangueiras de diferentes di\u00e2metros. a ampla gama de conectores permite a liga\u00e7\u00e3o de acess\u00f3rios de irriga\u00e7\u00e3o (por exemplo, temporizadores digitais) de grandes dimens\u00f5es. foi fabricado com um composto de fibra de vidro dur\u00e1vel. serve para torneiras g1\/2&#8243;, g3\/4&#8243; e g1. max. 6 bar<\/p>\n","protected":false},"featured_media":116939,"comment_status":"open","ping_status":"closed","template":"","meta":[],"product_brand":[],"product_cat":[17831,18009],"product_tag":[],"class_list":{"0":"post-116940","1":"product","2":"type-product","3":"status-publish","4":"has-post-thumbnail","6":"product_cat-conectores-de-mangueira-jardim-e-espaco-exterior","7":"product_cat-jardim-espaco-exterior","9":"first","10":"instock","11":"taxable","12":"shipping-taxable","13":"purchasable","14":"product-type-simple"},"_links":{"self":[{"href":"https:\/\/casafreitas.pt\/loja\/wp-json\/wp\/v2\/product\/116940","targetHints":{"allow":["GET"]}}],"collection":[{"href":"https:\/\/casafreitas.pt\/loja\/wp-json\/wp\/v2\/product"}],"about":[{"href":"https:\/\/casafreitas.pt\/loja\/wp-json\/wp\/v2\/types\/product"}],"replies":[{"embeddable":true,"href":"https:\/\/casafreitas.pt\/loja\/wp-json\/wp\/v2\/comments?post=116940"}],"version-history":[{"count":1,"href":"https:\/\/casafreitas.pt\/loja\/wp-json\/wp\/v2\/product\/116940\/revisions"}],"predecessor-version":[{"id":116941,"href":"https:\/\/casafreitas.pt\/loja\/wp-json\/wp\/v2\/product\/116940\/revisions\/116941"}],"wp:featuredmedia":[{"embeddable":true,"href":"https:\/\/casafreitas.pt\/loja\/wp-json\/wp\/v2\/media\/116939"}],"wp:attachment":[{"href":"https:\/\/casafreitas.pt\/loja\/wp-json\/wp\/v2\/media?parent=116940"}],"wp:term":[{"taxonomy":"product_brand","embeddable":true,"href":"https:\/\/casafreitas.pt\/loja\/wp-json\/wp\/v2\/product_brand?post=116940"},{"taxonomy":"product_cat","embeddable":true,"href":"https:\/\/casafreitas.pt\/loja\/wp-json\/wp\/v2\/product_cat?post=116940"},{"taxonomy":"product_tag","embeddable":true,"href":"https:\/\/casafreitas.pt\/loja\/wp-json\/wp\/v2\/product_tag?post=116940"}],"curies":[{"name":"wp","href":"https:\/\/api.w.org\/{rel}","templated":true}]}}