{"id":116937,"date":"2025-10-04T15:07:18","date_gmt":"2025-10-04T15:07:18","guid":{"rendered":"https:\/\/casafreitas.pt\/loja\/produto\/conector-tomada-angulo-multiplo-para-rosca-femea-ergo-g1-2-g3-4-g1\/"},"modified":"2025-10-24T07:10:41","modified_gmt":"2025-10-24T07:10:41","slug":"conector-tomada-angulo-multiplo-para-rosca-femea-ergo-g1-2-g3-4-g1","status":"publish","type":"product","link":"https:\/\/casafreitas.pt\/loja\/produto\/conector-tomada-angulo-multiplo-para-rosca-femea-ergo-g1-2-g3-4-g1\/","title":{"rendered":"Conector de tomada de \u00e2ngulo m\u00faltiplo para rosca f\u00eamea ergo g1\/2&#8243; &#8211; g3\/4&#8243; &#8211; g1&#8243;"},"content":{"rendered":"","protected":false},"excerpt":{"rendered":"<p>Conector de \u00e2ngulo refor\u00e7ado com rosca f\u00eamea e forma ergon\u00f3mica para uma liga\u00e7\u00e3o r\u00e1pida e confort\u00e1vel \u00e0 fonte de \u00e1gua. com possibilidade de rota\u00e7\u00e3o horizontal de 360\u00b0 e vertical de 180\u00b0 adequada para torneiras g1\/2&#8243;, g3\/4&#8243; e g1. feito em material abs. m\u00e1x. 6 bar<\/p>\n","protected":false},"featured_media":116936,"comment_status":"open","ping_status":"closed","template":"","meta":[],"product_brand":[],"product_cat":[17831,18009],"product_tag":[],"class_list":{"0":"post-116937","1":"product","2":"type-product","3":"status-publish","4":"has-post-thumbnail","6":"product_cat-conectores-de-mangueira-jardim-e-espaco-exterior","7":"product_cat-jardim-espaco-exterior","9":"first","10":"instock","11":"taxable","12":"shipping-taxable","13":"purchasable","14":"product-type-simple"},"_links":{"self":[{"href":"https:\/\/casafreitas.pt\/loja\/wp-json\/wp\/v2\/product\/116937","targetHints":{"allow":["GET"]}}],"collection":[{"href":"https:\/\/casafreitas.pt\/loja\/wp-json\/wp\/v2\/product"}],"about":[{"href":"https:\/\/casafreitas.pt\/loja\/wp-json\/wp\/v2\/types\/product"}],"replies":[{"embeddable":true,"href":"https:\/\/casafreitas.pt\/loja\/wp-json\/wp\/v2\/comments?post=116937"}],"version-history":[{"count":1,"href":"https:\/\/casafreitas.pt\/loja\/wp-json\/wp\/v2\/product\/116937\/revisions"}],"predecessor-version":[{"id":116938,"href":"https:\/\/casafreitas.pt\/loja\/wp-json\/wp\/v2\/product\/116937\/revisions\/116938"}],"wp:featuredmedia":[{"embeddable":true,"href":"https:\/\/casafreitas.pt\/loja\/wp-json\/wp\/v2\/media\/116936"}],"wp:attachment":[{"href":"https:\/\/casafreitas.pt\/loja\/wp-json\/wp\/v2\/media?parent=116937"}],"wp:term":[{"taxonomy":"product_brand","embeddable":true,"href":"https:\/\/casafreitas.pt\/loja\/wp-json\/wp\/v2\/product_brand?post=116937"},{"taxonomy":"product_cat","embeddable":true,"href":"https:\/\/casafreitas.pt\/loja\/wp-json\/wp\/v2\/product_cat?post=116937"},{"taxonomy":"product_tag","embeddable":true,"href":"https:\/\/casafreitas.pt\/loja\/wp-json\/wp\/v2\/product_tag?post=116937"}],"curies":[{"name":"wp","href":"https:\/\/api.w.org\/{rel}","templated":true}]}}