{"id":116262,"date":"2025-10-04T12:11:39","date_gmt":"2025-10-04T12:11:39","guid":{"rendered":"https:\/\/casafreitas.pt\/loja\/produto\/povidone-iodada-125-ml\/"},"modified":"2025-10-24T02:50:04","modified_gmt":"2025-10-24T02:50:04","slug":"povidone-iodada-125-ml","status":"publish","type":"product","link":"https:\/\/casafreitas.pt\/loja\/produto\/povidone-iodada-125-ml\/","title":{"rendered":"Povidone iodada 125 ml"},"content":{"rendered":"","protected":false},"excerpt":{"rendered":"<p>Solu\u00e7\u00e3o antiss\u00e9ptica de pele de uso geral. para pequenas feridas e cortes superficiais, queimaduras leves, grabes.<\/p>\n","protected":false},"featured_media":116261,"comment_status":"open","ping_status":"closed","template":"","meta":[],"product_brand":[],"product_cat":[17919,18010],"product_tag":[13255],"class_list":{"0":"post-116262","1":"product","2":"type-product","3":"status-publish","4":"has-post-thumbnail","6":"product_cat-parafarmacia-limpeza-e-higiene-pessoal","7":"product_cat-limpeza-higiene-pessoal","8":"product_tag-cuidaplus","10":"first","11":"instock","12":"taxable","13":"shipping-taxable","14":"purchasable","15":"product-type-simple"},"_links":{"self":[{"href":"https:\/\/casafreitas.pt\/loja\/wp-json\/wp\/v2\/product\/116262","targetHints":{"allow":["GET"]}}],"collection":[{"href":"https:\/\/casafreitas.pt\/loja\/wp-json\/wp\/v2\/product"}],"about":[{"href":"https:\/\/casafreitas.pt\/loja\/wp-json\/wp\/v2\/types\/product"}],"replies":[{"embeddable":true,"href":"https:\/\/casafreitas.pt\/loja\/wp-json\/wp\/v2\/comments?post=116262"}],"version-history":[{"count":1,"href":"https:\/\/casafreitas.pt\/loja\/wp-json\/wp\/v2\/product\/116262\/revisions"}],"predecessor-version":[{"id":116263,"href":"https:\/\/casafreitas.pt\/loja\/wp-json\/wp\/v2\/product\/116262\/revisions\/116263"}],"wp:featuredmedia":[{"embeddable":true,"href":"https:\/\/casafreitas.pt\/loja\/wp-json\/wp\/v2\/media\/116261"}],"wp:attachment":[{"href":"https:\/\/casafreitas.pt\/loja\/wp-json\/wp\/v2\/media?parent=116262"}],"wp:term":[{"taxonomy":"product_brand","embeddable":true,"href":"https:\/\/casafreitas.pt\/loja\/wp-json\/wp\/v2\/product_brand?post=116262"},{"taxonomy":"product_cat","embeddable":true,"href":"https:\/\/casafreitas.pt\/loja\/wp-json\/wp\/v2\/product_cat?post=116262"},{"taxonomy":"product_tag","embeddable":true,"href":"https:\/\/casafreitas.pt\/loja\/wp-json\/wp\/v2\/product_tag?post=116262"}],"curies":[{"name":"wp","href":"https:\/\/api.w.org\/{rel}","templated":true}]}}