{"id":115857,"date":"2025-10-04T11:38:02","date_gmt":"2025-10-04T11:38:02","guid":{"rendered":"https:\/\/casafreitas.pt\/loja\/produto\/po-talco-perfumado-200-g\/"},"modified":"2025-10-24T02:49:45","modified_gmt":"2025-10-24T02:49:45","slug":"po-talco-perfumado-200-g","status":"publish","type":"product","link":"https:\/\/casafreitas.pt\/loja\/produto\/po-talco-perfumado-200-g\/","title":{"rendered":"P\u00f3 de talco perfumado 200 g"},"content":{"rendered":"","protected":false},"excerpt":{"rendered":"<p>P\u00f3 de talco perfumado. uma f\u00f3rmula suave e delicada que deixa a pele seca, fresca e com uma agrad\u00e1vel aroma. para uso di\u00e1rio em adultos e crian\u00e7as<\/p>\n","protected":false},"featured_media":115856,"comment_status":"open","ping_status":"closed","template":"","meta":[],"product_brand":[],"product_cat":[17919,18010],"product_tag":[13246],"class_list":{"0":"post-115857","1":"product","2":"type-product","3":"status-publish","4":"has-post-thumbnail","6":"product_cat-parafarmacia-limpeza-e-higiene-pessoal","7":"product_cat-limpeza-higiene-pessoal","8":"product_tag-baikim","10":"first","11":"instock","12":"taxable","13":"shipping-taxable","14":"purchasable","15":"product-type-simple"},"_links":{"self":[{"href":"https:\/\/casafreitas.pt\/loja\/wp-json\/wp\/v2\/product\/115857","targetHints":{"allow":["GET"]}}],"collection":[{"href":"https:\/\/casafreitas.pt\/loja\/wp-json\/wp\/v2\/product"}],"about":[{"href":"https:\/\/casafreitas.pt\/loja\/wp-json\/wp\/v2\/types\/product"}],"replies":[{"embeddable":true,"href":"https:\/\/casafreitas.pt\/loja\/wp-json\/wp\/v2\/comments?post=115857"}],"version-history":[{"count":1,"href":"https:\/\/casafreitas.pt\/loja\/wp-json\/wp\/v2\/product\/115857\/revisions"}],"predecessor-version":[{"id":115858,"href":"https:\/\/casafreitas.pt\/loja\/wp-json\/wp\/v2\/product\/115857\/revisions\/115858"}],"wp:featuredmedia":[{"embeddable":true,"href":"https:\/\/casafreitas.pt\/loja\/wp-json\/wp\/v2\/media\/115856"}],"wp:attachment":[{"href":"https:\/\/casafreitas.pt\/loja\/wp-json\/wp\/v2\/media?parent=115857"}],"wp:term":[{"taxonomy":"product_brand","embeddable":true,"href":"https:\/\/casafreitas.pt\/loja\/wp-json\/wp\/v2\/product_brand?post=115857"},{"taxonomy":"product_cat","embeddable":true,"href":"https:\/\/casafreitas.pt\/loja\/wp-json\/wp\/v2\/product_cat?post=115857"},{"taxonomy":"product_tag","embeddable":true,"href":"https:\/\/casafreitas.pt\/loja\/wp-json\/wp\/v2\/product_tag?post=115857"}],"curies":[{"name":"wp","href":"https:\/\/api.w.org\/{rel}","templated":true}]}}