{"id":115461,"date":"2025-10-04T11:06:32","date_gmt":"2025-10-04T11:06:32","guid":{"rendered":"https:\/\/casafreitas.pt\/loja\/produto\/pack-lencos-hipoalergenicos-pack-10-uds\/"},"modified":"2025-11-15T22:03:18","modified_gmt":"2025-11-15T22:03:18","slug":"pack-lencos-hipoalergenicos-pack-10-uds","status":"publish","type":"product","link":"https:\/\/casafreitas.pt\/loja\/produto\/pack-lencos-hipoalergenicos-pack-10-uds\/","title":{"rendered":"Pack len\u00e7os hipoalerg\u00eanicos pack 10 uds"},"content":{"rendered":"","protected":false},"excerpt":{"rendered":"<p>Pack len\u00e7os hipoalerg\u00eanicos pack 10 uds<\/p>\n","protected":false},"featured_media":115460,"comment_status":"open","ping_status":"closed","template":"","meta":[],"product_brand":[],"product_cat":[17932,18010],"product_tag":[],"class_list":{"0":"post-115461","1":"product","2":"type-product","3":"status-publish","4":"has-post-thumbnail","6":"product_cat-toalhetes-toalhitas-papel-higienico-limpeza-e-higiene-pessoal","7":"product_cat-limpeza-higiene-pessoal","9":"first","10":"instock","11":"taxable","12":"shipping-taxable","13":"purchasable","14":"product-type-simple"},"_links":{"self":[{"href":"https:\/\/casafreitas.pt\/loja\/wp-json\/wp\/v2\/product\/115461","targetHints":{"allow":["GET"]}}],"collection":[{"href":"https:\/\/casafreitas.pt\/loja\/wp-json\/wp\/v2\/product"}],"about":[{"href":"https:\/\/casafreitas.pt\/loja\/wp-json\/wp\/v2\/types\/product"}],"replies":[{"embeddable":true,"href":"https:\/\/casafreitas.pt\/loja\/wp-json\/wp\/v2\/comments?post=115461"}],"version-history":[{"count":1,"href":"https:\/\/casafreitas.pt\/loja\/wp-json\/wp\/v2\/product\/115461\/revisions"}],"predecessor-version":[{"id":115462,"href":"https:\/\/casafreitas.pt\/loja\/wp-json\/wp\/v2\/product\/115461\/revisions\/115462"}],"wp:featuredmedia":[{"embeddable":true,"href":"https:\/\/casafreitas.pt\/loja\/wp-json\/wp\/v2\/media\/115460"}],"wp:attachment":[{"href":"https:\/\/casafreitas.pt\/loja\/wp-json\/wp\/v2\/media?parent=115461"}],"wp:term":[{"taxonomy":"product_brand","embeddable":true,"href":"https:\/\/casafreitas.pt\/loja\/wp-json\/wp\/v2\/product_brand?post=115461"},{"taxonomy":"product_cat","embeddable":true,"href":"https:\/\/casafreitas.pt\/loja\/wp-json\/wp\/v2\/product_cat?post=115461"},{"taxonomy":"product_tag","embeddable":true,"href":"https:\/\/casafreitas.pt\/loja\/wp-json\/wp\/v2\/product_tag?post=115461"}],"curies":[{"name":"wp","href":"https:\/\/api.w.org\/{rel}","templated":true}]}}