{"id":113808,"date":"2025-10-04T08:59:46","date_gmt":"2025-10-04T08:59:46","guid":{"rendered":"https:\/\/casafreitas.pt\/loja\/produto\/protecao-para-chao-piscinas-9-pecas-medidas-500x500x4mm\/"},"modified":"2025-10-24T02:47:29","modified_gmt":"2025-10-24T02:47:29","slug":"protecao-para-chao-piscinas-9-pecas-medidas-500x500x4mm","status":"publish","type":"product","link":"https:\/\/casafreitas.pt\/loja\/produto\/protecao-para-chao-piscinas-9-pecas-medidas-500x500x4mm\/","title":{"rendered":"Prote\u00e7\u00e3o para ch\u00e3o de piscinas 9 pe\u00e7as medidas: 500x500x4mm"},"content":{"rendered":"","protected":false},"excerpt":{"rendered":"<p>Prote\u00e7\u00e3o para ch\u00e3o de piscinas 9 pe\u00e7as medidas: 500x500x4mm<\/p>\n","protected":false},"featured_media":113807,"comment_status":"open","ping_status":"closed","template":"","meta":[],"product_brand":[],"product_cat":[13203,18009],"product_tag":[],"class_list":{"0":"post-113808","1":"product","2":"type-product","3":"status-publish","4":"has-post-thumbnail","6":"product_cat-acessorios-para-piscinas","7":"product_cat-jardim-espaco-exterior","9":"first","10":"instock","11":"taxable","12":"shipping-taxable","13":"purchasable","14":"product-type-simple"},"_links":{"self":[{"href":"https:\/\/casafreitas.pt\/loja\/wp-json\/wp\/v2\/product\/113808","targetHints":{"allow":["GET"]}}],"collection":[{"href":"https:\/\/casafreitas.pt\/loja\/wp-json\/wp\/v2\/product"}],"about":[{"href":"https:\/\/casafreitas.pt\/loja\/wp-json\/wp\/v2\/types\/product"}],"replies":[{"embeddable":true,"href":"https:\/\/casafreitas.pt\/loja\/wp-json\/wp\/v2\/comments?post=113808"}],"version-history":[{"count":1,"href":"https:\/\/casafreitas.pt\/loja\/wp-json\/wp\/v2\/product\/113808\/revisions"}],"predecessor-version":[{"id":113809,"href":"https:\/\/casafreitas.pt\/loja\/wp-json\/wp\/v2\/product\/113808\/revisions\/113809"}],"wp:featuredmedia":[{"embeddable":true,"href":"https:\/\/casafreitas.pt\/loja\/wp-json\/wp\/v2\/media\/113807"}],"wp:attachment":[{"href":"https:\/\/casafreitas.pt\/loja\/wp-json\/wp\/v2\/media?parent=113808"}],"wp:term":[{"taxonomy":"product_brand","embeddable":true,"href":"https:\/\/casafreitas.pt\/loja\/wp-json\/wp\/v2\/product_brand?post=113808"},{"taxonomy":"product_cat","embeddable":true,"href":"https:\/\/casafreitas.pt\/loja\/wp-json\/wp\/v2\/product_cat?post=113808"},{"taxonomy":"product_tag","embeddable":true,"href":"https:\/\/casafreitas.pt\/loja\/wp-json\/wp\/v2\/product_tag?post=113808"}],"curies":[{"name":"wp","href":"https:\/\/api.w.org\/{rel}","templated":true}]}}