{"id":111651,"date":"2025-10-02T00:48:09","date_gmt":"2025-10-02T00:48:09","guid":{"rendered":"https:\/\/casafreitas.pt\/loja\/produto\/oculos-lente-branca-r80918\/"},"modified":"2025-10-24T02:45:05","modified_gmt":"2025-10-24T02:45:05","slug":"oculos-lente-branca-r80918","status":"publish","type":"product","link":"https:\/\/casafreitas.pt\/loja\/produto\/oculos-lente-branca-r80918\/","title":{"rendered":"\u00d3culos de lente branca r80918"},"content":{"rendered":"","protected":false},"excerpt":{"rendered":"<p>\u00d3culos de lente branca r80918. \u00f3culos de lentes brancas. design confort\u00e1vel e leve sem aro. as hastes s\u00e3o extens\u00edveis em comprimento e ajust\u00e1veis verticalmente, para um perfeito ajuste \u00e0 fisiognomia pessoal de cada usu\u00e1rio. o visor, produzido em policarbonato, tem tratamento anti-riscos e anti-fog e fornece prote\u00e7\u00e3o lateral e superior e resist\u00eancia mec\u00e2nica contra o impacto de part\u00edculas de alta velocidade e baixa energia. filtro de prote\u00e7\u00e3o uv-400 (pode alterar a percep\u00e7\u00e3o das cores). fabricado de acordo com as normas en 166 e en 170.<\/p>\n","protected":false},"featured_media":111650,"comment_status":"open","ping_status":"closed","template":"","meta":[],"product_brand":[],"product_cat":[17612,18004],"product_tag":[],"class_list":{"0":"post-111651","1":"product","2":"type-product","3":"status-publish","4":"has-post-thumbnail","6":"product_cat-oculos-construcao","7":"product_cat-construcao","9":"first","10":"instock","11":"taxable","12":"shipping-taxable","13":"purchasable","14":"product-type-simple"},"_links":{"self":[{"href":"https:\/\/casafreitas.pt\/loja\/wp-json\/wp\/v2\/product\/111651","targetHints":{"allow":["GET"]}}],"collection":[{"href":"https:\/\/casafreitas.pt\/loja\/wp-json\/wp\/v2\/product"}],"about":[{"href":"https:\/\/casafreitas.pt\/loja\/wp-json\/wp\/v2\/types\/product"}],"replies":[{"embeddable":true,"href":"https:\/\/casafreitas.pt\/loja\/wp-json\/wp\/v2\/comments?post=111651"}],"version-history":[{"count":1,"href":"https:\/\/casafreitas.pt\/loja\/wp-json\/wp\/v2\/product\/111651\/revisions"}],"predecessor-version":[{"id":111652,"href":"https:\/\/casafreitas.pt\/loja\/wp-json\/wp\/v2\/product\/111651\/revisions\/111652"}],"wp:featuredmedia":[{"embeddable":true,"href":"https:\/\/casafreitas.pt\/loja\/wp-json\/wp\/v2\/media\/111650"}],"wp:attachment":[{"href":"https:\/\/casafreitas.pt\/loja\/wp-json\/wp\/v2\/media?parent=111651"}],"wp:term":[{"taxonomy":"product_brand","embeddable":true,"href":"https:\/\/casafreitas.pt\/loja\/wp-json\/wp\/v2\/product_brand?post=111651"},{"taxonomy":"product_cat","embeddable":true,"href":"https:\/\/casafreitas.pt\/loja\/wp-json\/wp\/v2\/product_cat?post=111651"},{"taxonomy":"product_tag","embeddable":true,"href":"https:\/\/casafreitas.pt\/loja\/wp-json\/wp\/v2\/product_tag?post=111651"}],"curies":[{"name":"wp","href":"https:\/\/api.w.org\/{rel}","templated":true}]}}