{"id":110835,"date":"2025-10-01T23:42:10","date_gmt":"2025-10-01T23:42:10","guid":{"rendered":"https:\/\/casafreitas.pt\/loja\/produto\/corta-unhas-com-lima-cromado-8-cm\/"},"modified":"2025-10-30T22:50:42","modified_gmt":"2025-10-30T22:50:42","slug":"corta-unhas-com-lima-cromado-8-cm","status":"publish","type":"product","link":"https:\/\/casafreitas.pt\/loja\/produto\/corta-unhas-com-lima-cromado-8-cm\/","title":{"rendered":"Corta-unhas com lima cromado 8 cm"},"content":{"rendered":"","protected":false},"excerpt":{"rendered":"<p>Corta-unhas de 8cm, recomendado para cortar com precis\u00e3o as unhas dos p\u00e9s. tamb\u00e9m se pode usar para manicura. com alavanca para exercer a press\u00e3o necess\u00e1ria. inclui lima. apresentado em display\/gancho<\/p>\n","protected":false},"featured_media":110834,"comment_status":"open","ping_status":"closed","template":"","meta":[],"product_brand":[],"product_cat":[17882,18010],"product_tag":[],"class_list":{"0":"post-110835","1":"product","2":"type-product","3":"status-publish","4":"has-post-thumbnail","6":"product_cat-cuidados-com-as-maos-e-os-pes-limpeza-e-higiene-pessoal","7":"product_cat-limpeza-higiene-pessoal","9":"first","10":"instock","11":"taxable","12":"shipping-taxable","13":"purchasable","14":"product-type-simple"},"_links":{"self":[{"href":"https:\/\/casafreitas.pt\/loja\/wp-json\/wp\/v2\/product\/110835","targetHints":{"allow":["GET"]}}],"collection":[{"href":"https:\/\/casafreitas.pt\/loja\/wp-json\/wp\/v2\/product"}],"about":[{"href":"https:\/\/casafreitas.pt\/loja\/wp-json\/wp\/v2\/types\/product"}],"replies":[{"embeddable":true,"href":"https:\/\/casafreitas.pt\/loja\/wp-json\/wp\/v2\/comments?post=110835"}],"version-history":[{"count":1,"href":"https:\/\/casafreitas.pt\/loja\/wp-json\/wp\/v2\/product\/110835\/revisions"}],"predecessor-version":[{"id":110836,"href":"https:\/\/casafreitas.pt\/loja\/wp-json\/wp\/v2\/product\/110835\/revisions\/110836"}],"wp:featuredmedia":[{"embeddable":true,"href":"https:\/\/casafreitas.pt\/loja\/wp-json\/wp\/v2\/media\/110834"}],"wp:attachment":[{"href":"https:\/\/casafreitas.pt\/loja\/wp-json\/wp\/v2\/media?parent=110835"}],"wp:term":[{"taxonomy":"product_brand","embeddable":true,"href":"https:\/\/casafreitas.pt\/loja\/wp-json\/wp\/v2\/product_brand?post=110835"},{"taxonomy":"product_cat","embeddable":true,"href":"https:\/\/casafreitas.pt\/loja\/wp-json\/wp\/v2\/product_cat?post=110835"},{"taxonomy":"product_tag","embeddable":true,"href":"https:\/\/casafreitas.pt\/loja\/wp-json\/wp\/v2\/product_tag?post=110835"}],"curies":[{"name":"wp","href":"https:\/\/api.w.org\/{rel}","templated":true}]}}