{"id":110700,"date":"2025-10-01T23:31:36","date_gmt":"2025-10-01T23:31:36","guid":{"rendered":"https:\/\/casafreitas.pt\/loja\/produto\/polo-pegaso-premium-laranja-t-s\/"},"modified":"2025-11-12T13:57:02","modified_gmt":"2025-11-12T13:57:02","slug":"polo-pegaso-premium-laranja-t-s","status":"publish","type":"product","link":"https:\/\/casafreitas.pt\/loja\/produto\/polo-pegaso-premium-laranja-t-s\/","title":{"rendered":"Polo pegaso premium laranja t.s"},"content":{"rendered":"","protected":false},"excerpt":{"rendered":"<p>Polo pegaso premium laranja t.s, 50 cm \/ 69 cm; de manga curta, gola e mangas caneladas 1&#215;1 com detalhes em relevo, carcete de 3 bot\u00f5es, costuras refor\u00e7adas na gola, tiras laterais e bolso opcional; 60% algod\u00e3o \/ 40% poli\u00e9ster, malha piqu\u00e9. cor: 190 g\/m\u00b2<\/p>\n","protected":false},"featured_media":110699,"comment_status":"open","ping_status":"closed","template":"","meta":[],"product_brand":[],"product_cat":[17666,18004],"product_tag":[13173],"class_list":{"0":"post-110700","1":"product","2":"type-product","3":"status-publish","4":"has-post-thumbnail","6":"product_cat-t-shirt-camisola-polo-camisolas-construcao","7":"product_cat-construcao","8":"product_tag-roly","10":"first","11":"instock","12":"taxable","13":"shipping-taxable","14":"purchasable","15":"product-type-simple"},"_links":{"self":[{"href":"https:\/\/casafreitas.pt\/loja\/wp-json\/wp\/v2\/product\/110700","targetHints":{"allow":["GET"]}}],"collection":[{"href":"https:\/\/casafreitas.pt\/loja\/wp-json\/wp\/v2\/product"}],"about":[{"href":"https:\/\/casafreitas.pt\/loja\/wp-json\/wp\/v2\/types\/product"}],"replies":[{"embeddable":true,"href":"https:\/\/casafreitas.pt\/loja\/wp-json\/wp\/v2\/comments?post=110700"}],"version-history":[{"count":1,"href":"https:\/\/casafreitas.pt\/loja\/wp-json\/wp\/v2\/product\/110700\/revisions"}],"predecessor-version":[{"id":110701,"href":"https:\/\/casafreitas.pt\/loja\/wp-json\/wp\/v2\/product\/110700\/revisions\/110701"}],"wp:featuredmedia":[{"embeddable":true,"href":"https:\/\/casafreitas.pt\/loja\/wp-json\/wp\/v2\/media\/110699"}],"wp:attachment":[{"href":"https:\/\/casafreitas.pt\/loja\/wp-json\/wp\/v2\/media?parent=110700"}],"wp:term":[{"taxonomy":"product_brand","embeddable":true,"href":"https:\/\/casafreitas.pt\/loja\/wp-json\/wp\/v2\/product_brand?post=110700"},{"taxonomy":"product_cat","embeddable":true,"href":"https:\/\/casafreitas.pt\/loja\/wp-json\/wp\/v2\/product_cat?post=110700"},{"taxonomy":"product_tag","embeddable":true,"href":"https:\/\/casafreitas.pt\/loja\/wp-json\/wp\/v2\/product_tag?post=110700"}],"curies":[{"name":"wp","href":"https:\/\/api.w.org\/{rel}","templated":true}]}}