{"id":110517,"date":"2025-10-01T23:18:13","date_gmt":"2025-10-01T23:18:13","guid":{"rendered":"https:\/\/casafreitas.pt\/loja\/produto\/polo-amarelo-fluorescente-manga-curta-alta-visibilidade-3xl\/"},"modified":"2025-10-24T02:44:24","modified_gmt":"2025-10-24T02:44:24","slug":"polo-amarelo-fluorescente-manga-curta-alta-visibilidade-3xl","status":"publish","type":"product","link":"https:\/\/casafreitas.pt\/loja\/produto\/polo-amarelo-fluorescente-manga-curta-alta-visibilidade-3xl\/","title":{"rendered":"Polo amarelo fluorescente, manga curta alta visibilidade, 3xl"},"content":{"rendered":"","protected":false},"excerpt":{"rendered":"<p>Polo amarelo fluorescente, manga curta de alta visibilidade, tamanho 3xl. 150 g tecido poli\u00e9ster, respir\u00e1vel. certificado por um organismo europeu notificado e testado por um laborat\u00f3rio credenciado, de acordo com o regulamento da ue 2016\/425 sobre epi e a norma harmonizada na iso 13688 sobre requisitos gerais para o vestu\u00e1rio de prote\u00e7\u00e3o e na iso 20471 sobre vestu\u00e1rio de alta visibilidade, atingindo um classifica\u00e7\u00e3o de classe 1 e ser classificado como epi categoria ii<\/p>\n","protected":false},"featured_media":110516,"comment_status":"open","ping_status":"closed","template":"","meta":[],"product_brand":[],"product_cat":[17666,18004],"product_tag":[],"class_list":{"0":"post-110517","1":"product","2":"type-product","3":"status-publish","4":"has-post-thumbnail","6":"product_cat-t-shirt-camisola-polo-camisolas-construcao","7":"product_cat-construcao","9":"first","10":"instock","11":"taxable","12":"shipping-taxable","13":"purchasable","14":"product-type-simple"},"_links":{"self":[{"href":"https:\/\/casafreitas.pt\/loja\/wp-json\/wp\/v2\/product\/110517","targetHints":{"allow":["GET"]}}],"collection":[{"href":"https:\/\/casafreitas.pt\/loja\/wp-json\/wp\/v2\/product"}],"about":[{"href":"https:\/\/casafreitas.pt\/loja\/wp-json\/wp\/v2\/types\/product"}],"replies":[{"embeddable":true,"href":"https:\/\/casafreitas.pt\/loja\/wp-json\/wp\/v2\/comments?post=110517"}],"version-history":[{"count":1,"href":"https:\/\/casafreitas.pt\/loja\/wp-json\/wp\/v2\/product\/110517\/revisions"}],"predecessor-version":[{"id":110518,"href":"https:\/\/casafreitas.pt\/loja\/wp-json\/wp\/v2\/product\/110517\/revisions\/110518"}],"wp:featuredmedia":[{"embeddable":true,"href":"https:\/\/casafreitas.pt\/loja\/wp-json\/wp\/v2\/media\/110516"}],"wp:attachment":[{"href":"https:\/\/casafreitas.pt\/loja\/wp-json\/wp\/v2\/media?parent=110517"}],"wp:term":[{"taxonomy":"product_brand","embeddable":true,"href":"https:\/\/casafreitas.pt\/loja\/wp-json\/wp\/v2\/product_brand?post=110517"},{"taxonomy":"product_cat","embeddable":true,"href":"https:\/\/casafreitas.pt\/loja\/wp-json\/wp\/v2\/product_cat?post=110517"},{"taxonomy":"product_tag","embeddable":true,"href":"https:\/\/casafreitas.pt\/loja\/wp-json\/wp\/v2\/product_tag?post=110517"}],"curies":[{"name":"wp","href":"https:\/\/api.w.org\/{rel}","templated":true}]}}