{"id":109273,"date":"2025-09-30T22:45:28","date_gmt":"2025-09-30T22:45:28","guid":{"rendered":"https:\/\/casafreitas.pt\/loja\/produto\/pulsoximetro-dedo-mo-ea1007-cinza-violeta-laica\/"},"modified":"2025-10-24T02:43:02","modified_gmt":"2025-10-24T02:43:02","slug":"pulsoximetro-dedo-mo-ea1007-cinza-violeta-laica","status":"publish","type":"product","link":"https:\/\/casafreitas.pt\/loja\/produto\/pulsoximetro-dedo-mo-ea1007-cinza-violeta-laica\/","title":{"rendered":"Puls\u00f4ximetro de dedo mo. ea1007 cinza\/violeta laica"},"content":{"rendered":"","protected":false},"excerpt":{"rendered":"<p>Pulsi\u00f4ximetro de dedo mod. ea1007 camada cinza\/violeta. \u00e9 um dispositivo n\u00e3o invasivo que permite medir a satura\u00e7\u00e3o de oxig\u00eanio arterial (spo2) e a frequ\u00eancia card\u00edaca (taxa de pulso). satura\u00e7\u00e3o de oxig\u00eanio indica a porcentagem de hemoglobina ligada ao oxig\u00eanio no sangue arterial. a satura\u00e7\u00e3o \u00e9 medida com um ox\u00edmetro de pulso, um instrumento manual que se aplica doloramente a um dedo. aten\u00e7\u00e3o: os valores que voc\u00ea indica devem ser sempre comentados ao seu m\u00e9dico. \u00e9 um dispositivo m\u00e9dico ce. por favor, leia os avisos ou instru\u00e7\u00f5es de uso com aten\u00e7\u00e3o. o kit inclui, como parte do pulsi\u00f4metro, 1 correia e 2xaaa para sua opera\u00e7\u00e3o. intervalo de medi\u00e7\u00e3o de spo2: 36% -99%. intervalo de medi\u00e7\u00e3o de pulso: 30 bpm-250bpm. tela led 2.6&#215;1.9cm.<\/p>\n","protected":false},"featured_media":109272,"comment_status":"open","ping_status":"closed","template":"","meta":[],"product_brand":[],"product_cat":[17388,8800],"product_tag":[],"class_list":{"0":"post-109273","1":"product","2":"type-product","3":"status-publish","4":"has-post-thumbnail","6":"product_cat-beleza-saude-pequenos-domesticos","7":"product_cat-pequenos-domesticos","9":"first","10":"instock","11":"taxable","12":"shipping-taxable","13":"purchasable","14":"product-type-simple"},"_links":{"self":[{"href":"https:\/\/casafreitas.pt\/loja\/wp-json\/wp\/v2\/product\/109273","targetHints":{"allow":["GET"]}}],"collection":[{"href":"https:\/\/casafreitas.pt\/loja\/wp-json\/wp\/v2\/product"}],"about":[{"href":"https:\/\/casafreitas.pt\/loja\/wp-json\/wp\/v2\/types\/product"}],"replies":[{"embeddable":true,"href":"https:\/\/casafreitas.pt\/loja\/wp-json\/wp\/v2\/comments?post=109273"}],"version-history":[{"count":1,"href":"https:\/\/casafreitas.pt\/loja\/wp-json\/wp\/v2\/product\/109273\/revisions"}],"predecessor-version":[{"id":109274,"href":"https:\/\/casafreitas.pt\/loja\/wp-json\/wp\/v2\/product\/109273\/revisions\/109274"}],"wp:featuredmedia":[{"embeddable":true,"href":"https:\/\/casafreitas.pt\/loja\/wp-json\/wp\/v2\/media\/109272"}],"wp:attachment":[{"href":"https:\/\/casafreitas.pt\/loja\/wp-json\/wp\/v2\/media?parent=109273"}],"wp:term":[{"taxonomy":"product_brand","embeddable":true,"href":"https:\/\/casafreitas.pt\/loja\/wp-json\/wp\/v2\/product_brand?post=109273"},{"taxonomy":"product_cat","embeddable":true,"href":"https:\/\/casafreitas.pt\/loja\/wp-json\/wp\/v2\/product_cat?post=109273"},{"taxonomy":"product_tag","embeddable":true,"href":"https:\/\/casafreitas.pt\/loja\/wp-json\/wp\/v2\/product_tag?post=109273"}],"curies":[{"name":"wp","href":"https:\/\/api.w.org\/{rel}","templated":true}]}}