{"id":108850,"date":"2025-09-30T21:57:03","date_gmt":"2025-09-30T21:57:03","guid":{"rendered":"https:\/\/casafreitas.pt\/loja\/produto\/estendal-universal-ultimate-preto-mate-deposicao-18-m\/"},"modified":"2025-10-24T02:42:36","modified_gmt":"2025-10-24T02:42:36","slug":"estendal-universal-ultimate-preto-mate-deposicao-18-m","status":"publish","type":"product","link":"https:\/\/casafreitas.pt\/loja\/produto\/estendal-universal-ultimate-preto-mate-deposicao-18-m\/","title":{"rendered":"Estendal universal ultimate preto mate, deposi\u00e7\u00e3o 18 m"},"content":{"rendered":"","protected":false},"excerpt":{"rendered":"<p>Estendal universal ultimate x-legs, soldadura por resist\u00eancia de tubo. revestimento preto mate. f\u00e1cil de mover e manusear. espa\u00e7o de linha de 18 m<\/p>\n","protected":false},"featured_media":108849,"comment_status":"open","ping_status":"closed","template":"","meta":[],"product_brand":[],"product_cat":[17701,18003],"product_tag":[],"class_list":{"0":"post-108850","1":"product","2":"type-product","3":"status-publish","4":"has-post-thumbnail","6":"product_cat-estendais-casa-e-decoracao","7":"product_cat-casa-decoracao","9":"first","10":"instock","11":"taxable","12":"shipping-taxable","13":"purchasable","14":"product-type-simple"},"_links":{"self":[{"href":"https:\/\/casafreitas.pt\/loja\/wp-json\/wp\/v2\/product\/108850","targetHints":{"allow":["GET"]}}],"collection":[{"href":"https:\/\/casafreitas.pt\/loja\/wp-json\/wp\/v2\/product"}],"about":[{"href":"https:\/\/casafreitas.pt\/loja\/wp-json\/wp\/v2\/types\/product"}],"replies":[{"embeddable":true,"href":"https:\/\/casafreitas.pt\/loja\/wp-json\/wp\/v2\/comments?post=108850"}],"version-history":[{"count":1,"href":"https:\/\/casafreitas.pt\/loja\/wp-json\/wp\/v2\/product\/108850\/revisions"}],"predecessor-version":[{"id":108851,"href":"https:\/\/casafreitas.pt\/loja\/wp-json\/wp\/v2\/product\/108850\/revisions\/108851"}],"wp:featuredmedia":[{"embeddable":true,"href":"https:\/\/casafreitas.pt\/loja\/wp-json\/wp\/v2\/media\/108849"}],"wp:attachment":[{"href":"https:\/\/casafreitas.pt\/loja\/wp-json\/wp\/v2\/media?parent=108850"}],"wp:term":[{"taxonomy":"product_brand","embeddable":true,"href":"https:\/\/casafreitas.pt\/loja\/wp-json\/wp\/v2\/product_brand?post=108850"},{"taxonomy":"product_cat","embeddable":true,"href":"https:\/\/casafreitas.pt\/loja\/wp-json\/wp\/v2\/product_cat?post=108850"},{"taxonomy":"product_tag","embeddable":true,"href":"https:\/\/casafreitas.pt\/loja\/wp-json\/wp\/v2\/product_tag?post=108850"}],"curies":[{"name":"wp","href":"https:\/\/api.w.org\/{rel}","templated":true}]}}