{"id":108685,"date":"2025-09-30T21:41:07","date_gmt":"2025-09-30T21:41:07","guid":{"rendered":"https:\/\/casafreitas.pt\/loja\/produto\/estendal-varanda-sunset-cj6-deposicao-10-m\/"},"modified":"2025-10-24T02:42:28","modified_gmt":"2025-10-24T02:42:28","slug":"estendal-varanda-sunset-cj6-deposicao-10-m","status":"publish","type":"product","link":"https:\/\/casafreitas.pt\/loja\/produto\/estendal-varanda-sunset-cj6-deposicao-10-m\/","title":{"rendered":"Estendal de varanda sunset cj6, deposi\u00e7\u00e3o 10 m"},"content":{"rendered":"","protected":false},"excerpt":{"rendered":"<p>Estendal de varanda sunset cj6 em resina\/a\u00e7o espa\u00e7o de coloca\u00e7\u00e3o de 10 m. bra\u00e7os dobr\u00e1veis e ajust\u00e1veis. espa\u00e7o de forro adicional para pendurar pequenas roupas. 110 x 56 x 28 cm aberto. 56 x 4 x 107 cm fechado. para solicitar pe\u00e7as ou acess\u00f3rios apenas venda on-line: www.vileda.com n\u00e3o podem ser feitas altera\u00e7\u00f5es, em caso de problema contacte o servi\u00e7o t\u00e9cnico vileda<\/p>\n","protected":false},"featured_media":108684,"comment_status":"open","ping_status":"closed","template":"","meta":[],"product_brand":[],"product_cat":[17701,18003],"product_tag":[],"class_list":{"0":"post-108685","1":"product","2":"type-product","3":"status-publish","4":"has-post-thumbnail","6":"product_cat-estendais-casa-e-decoracao","7":"product_cat-casa-decoracao","9":"first","10":"instock","11":"taxable","12":"shipping-taxable","13":"purchasable","14":"product-type-simple"},"_links":{"self":[{"href":"https:\/\/casafreitas.pt\/loja\/wp-json\/wp\/v2\/product\/108685","targetHints":{"allow":["GET"]}}],"collection":[{"href":"https:\/\/casafreitas.pt\/loja\/wp-json\/wp\/v2\/product"}],"about":[{"href":"https:\/\/casafreitas.pt\/loja\/wp-json\/wp\/v2\/types\/product"}],"replies":[{"embeddable":true,"href":"https:\/\/casafreitas.pt\/loja\/wp-json\/wp\/v2\/comments?post=108685"}],"version-history":[{"count":1,"href":"https:\/\/casafreitas.pt\/loja\/wp-json\/wp\/v2\/product\/108685\/revisions"}],"predecessor-version":[{"id":108686,"href":"https:\/\/casafreitas.pt\/loja\/wp-json\/wp\/v2\/product\/108685\/revisions\/108686"}],"wp:featuredmedia":[{"embeddable":true,"href":"https:\/\/casafreitas.pt\/loja\/wp-json\/wp\/v2\/media\/108684"}],"wp:attachment":[{"href":"https:\/\/casafreitas.pt\/loja\/wp-json\/wp\/v2\/media?parent=108685"}],"wp:term":[{"taxonomy":"product_brand","embeddable":true,"href":"https:\/\/casafreitas.pt\/loja\/wp-json\/wp\/v2\/product_brand?post=108685"},{"taxonomy":"product_cat","embeddable":true,"href":"https:\/\/casafreitas.pt\/loja\/wp-json\/wp\/v2\/product_cat?post=108685"},{"taxonomy":"product_tag","embeddable":true,"href":"https:\/\/casafreitas.pt\/loja\/wp-json\/wp\/v2\/product_tag?post=108685"}],"curies":[{"name":"wp","href":"https:\/\/api.w.org\/{rel}","templated":true}]}}