{"id":105925,"date":"2025-09-30T18:04:04","date_gmt":"2025-09-30T18:04:04","guid":{"rendered":"https:\/\/casafreitas.pt\/loja\/produto\/base-aerea-reforcada-branca-10-250-v-62-x-40-x-23-mm-embalado-em-pelicula\/"},"modified":"2025-10-24T02:27:27","modified_gmt":"2025-10-24T02:27:27","slug":"base-aerea-reforcada-branca-10-250-v-62-x-40-x-23-mm-embalado-em-pelicula","status":"publish","type":"product","link":"https:\/\/casafreitas.pt\/loja\/produto\/base-aerea-reforcada-branca-10-250-v-62-x-40-x-23-mm-embalado-em-pelicula\/","title":{"rendered":"Base a\u00e9rea refor\u00e7ada branca 10 a 250 v 62 x 40 x 23 mm (embalado em pel\u00edcula)"},"content":{"rendered":"","protected":false},"excerpt":{"rendered":"<p>Base a\u00e9rea refor\u00e7ada branca 10 a 250 v, com persianas de seguran\u00e7a, com po\u00e7o, 62 x 40 x 23 mm (embalado em pel\u00edcula)<\/p>\n","protected":false},"featured_media":105924,"comment_status":"open","ping_status":"closed","template":"","meta":[],"product_brand":[],"product_cat":[1748,17307],"product_tag":[13118],"class_list":{"0":"post-105925","1":"product","2":"type-product","3":"status-publish","4":"has-post-thumbnail","6":"product_cat-acessorios-e-baterias-e-material-eletrico","7":"product_cat-bases-acessorios-e-baterias-e-material-eletrico","8":"product_tag-f-line","10":"first","11":"instock","12":"taxable","13":"shipping-taxable","14":"purchasable","15":"product-type-simple"},"_links":{"self":[{"href":"https:\/\/casafreitas.pt\/loja\/wp-json\/wp\/v2\/product\/105925","targetHints":{"allow":["GET"]}}],"collection":[{"href":"https:\/\/casafreitas.pt\/loja\/wp-json\/wp\/v2\/product"}],"about":[{"href":"https:\/\/casafreitas.pt\/loja\/wp-json\/wp\/v2\/types\/product"}],"replies":[{"embeddable":true,"href":"https:\/\/casafreitas.pt\/loja\/wp-json\/wp\/v2\/comments?post=105925"}],"version-history":[{"count":1,"href":"https:\/\/casafreitas.pt\/loja\/wp-json\/wp\/v2\/product\/105925\/revisions"}],"predecessor-version":[{"id":105926,"href":"https:\/\/casafreitas.pt\/loja\/wp-json\/wp\/v2\/product\/105925\/revisions\/105926"}],"wp:featuredmedia":[{"embeddable":true,"href":"https:\/\/casafreitas.pt\/loja\/wp-json\/wp\/v2\/media\/105924"}],"wp:attachment":[{"href":"https:\/\/casafreitas.pt\/loja\/wp-json\/wp\/v2\/media?parent=105925"}],"wp:term":[{"taxonomy":"product_brand","embeddable":true,"href":"https:\/\/casafreitas.pt\/loja\/wp-json\/wp\/v2\/product_brand?post=105925"},{"taxonomy":"product_cat","embeddable":true,"href":"https:\/\/casafreitas.pt\/loja\/wp-json\/wp\/v2\/product_cat?post=105925"},{"taxonomy":"product_tag","embeddable":true,"href":"https:\/\/casafreitas.pt\/loja\/wp-json\/wp\/v2\/product_tag?post=105925"}],"curies":[{"name":"wp","href":"https:\/\/api.w.org\/{rel}","templated":true}]}}