{"id":104053,"date":"2025-09-30T15:34:56","date_gmt":"2025-09-30T15:34:56","guid":{"rendered":"https:\/\/casafreitas.pt\/loja\/produto\/placa-eletrica-1-fogo-1500w-edm\/"},"modified":"2025-10-24T02:25:33","modified_gmt":"2025-10-24T02:25:33","slug":"placa-eletrica-1-fogo-1500w-edm","status":"publish","type":"product","link":"https:\/\/casafreitas.pt\/loja\/produto\/placa-eletrica-1-fogo-1500w-edm\/","title":{"rendered":"Placa el\u00e9trica 1 fogo 1500w edm"},"content":{"rendered":"","protected":false},"excerpt":{"rendered":"<p>Placa el\u00e9trica port\u00e1til poten\u00e7a:1500w. 1 fogo: 15,5cm. indicador luminoso de ligado. regula\u00e7ao de temperatura em 5 niveis. medidas: 25x29x7,5cm (altura\/profundidade\/altura) 220-240v edm<\/p>\n","protected":false},"featured_media":104052,"comment_status":"open","ping_status":"closed","template":"","meta":[],"product_brand":[],"product_cat":[17396,8800],"product_tag":[],"class_list":{"0":"post-104053","1":"product","2":"type-product","3":"status-publish","4":"has-post-thumbnail","6":"product_cat-fogoes-electricos-a-gas-inducao-pequenos-domesticos","7":"product_cat-pequenos-domesticos","9":"first","10":"instock","11":"taxable","12":"shipping-taxable","13":"purchasable","14":"product-type-simple"},"_links":{"self":[{"href":"https:\/\/casafreitas.pt\/loja\/wp-json\/wp\/v2\/product\/104053","targetHints":{"allow":["GET"]}}],"collection":[{"href":"https:\/\/casafreitas.pt\/loja\/wp-json\/wp\/v2\/product"}],"about":[{"href":"https:\/\/casafreitas.pt\/loja\/wp-json\/wp\/v2\/types\/product"}],"replies":[{"embeddable":true,"href":"https:\/\/casafreitas.pt\/loja\/wp-json\/wp\/v2\/comments?post=104053"}],"version-history":[{"count":1,"href":"https:\/\/casafreitas.pt\/loja\/wp-json\/wp\/v2\/product\/104053\/revisions"}],"predecessor-version":[{"id":104054,"href":"https:\/\/casafreitas.pt\/loja\/wp-json\/wp\/v2\/product\/104053\/revisions\/104054"}],"wp:featuredmedia":[{"embeddable":true,"href":"https:\/\/casafreitas.pt\/loja\/wp-json\/wp\/v2\/media\/104052"}],"wp:attachment":[{"href":"https:\/\/casafreitas.pt\/loja\/wp-json\/wp\/v2\/media?parent=104053"}],"wp:term":[{"taxonomy":"product_brand","embeddable":true,"href":"https:\/\/casafreitas.pt\/loja\/wp-json\/wp\/v2\/product_brand?post=104053"},{"taxonomy":"product_cat","embeddable":true,"href":"https:\/\/casafreitas.pt\/loja\/wp-json\/wp\/v2\/product_cat?post=104053"},{"taxonomy":"product_tag","embeddable":true,"href":"https:\/\/casafreitas.pt\/loja\/wp-json\/wp\/v2\/product_tag?post=104053"}],"curies":[{"name":"wp","href":"https:\/\/api.w.org\/{rel}","templated":true}]}}