{"id":103804,"date":"2025-09-30T15:14:21","date_gmt":"2025-09-30T15:14:21","guid":{"rendered":"https:\/\/casafreitas.pt\/loja\/produto\/purificador-ar-com-filtro-hepa-25-w\/"},"modified":"2025-10-24T02:25:06","modified_gmt":"2025-10-24T02:25:06","slug":"purificador-ar-com-filtro-hepa-25-w","status":"publish","type":"product","link":"https:\/\/casafreitas.pt\/loja\/produto\/purificador-ar-com-filtro-hepa-25-w\/","title":{"rendered":"Purificador de ar com filtro hepa 25 w"},"content":{"rendered":"","protected":false},"excerpt":{"rendered":"<p>Purificador de ar ??com filtro hepa e filtro de carv\u00e3o ativado, gerador de plasma (ajuda a desativar algumas subst\u00e2ncias nocivas no ar). elimina fumo, maus odores, bolor e al\u00e9rgicos como poeira e p\u00f3len. 25 w, fluxo de ar ??m\u00e1ximo 42 m\u00b3 \/ h, volume m\u00e1ximo 55 m\u00b3<\/p>\n","protected":false},"featured_media":103803,"comment_status":"open","ping_status":"closed","template":"","meta":[],"product_brand":[],"product_cat":[8800,17415],"product_tag":[],"class_list":{"0":"post-103804","1":"product","2":"type-product","3":"status-publish","4":"has-post-thumbnail","6":"product_cat-pequenos-domesticos","7":"product_cat-umidificadores-desumidificadores-pequenos-domesticos","9":"first","10":"instock","11":"taxable","12":"shipping-taxable","13":"purchasable","14":"product-type-simple"},"_links":{"self":[{"href":"https:\/\/casafreitas.pt\/loja\/wp-json\/wp\/v2\/product\/103804","targetHints":{"allow":["GET"]}}],"collection":[{"href":"https:\/\/casafreitas.pt\/loja\/wp-json\/wp\/v2\/product"}],"about":[{"href":"https:\/\/casafreitas.pt\/loja\/wp-json\/wp\/v2\/types\/product"}],"replies":[{"embeddable":true,"href":"https:\/\/casafreitas.pt\/loja\/wp-json\/wp\/v2\/comments?post=103804"}],"version-history":[{"count":1,"href":"https:\/\/casafreitas.pt\/loja\/wp-json\/wp\/v2\/product\/103804\/revisions"}],"predecessor-version":[{"id":103805,"href":"https:\/\/casafreitas.pt\/loja\/wp-json\/wp\/v2\/product\/103804\/revisions\/103805"}],"wp:featuredmedia":[{"embeddable":true,"href":"https:\/\/casafreitas.pt\/loja\/wp-json\/wp\/v2\/media\/103803"}],"wp:attachment":[{"href":"https:\/\/casafreitas.pt\/loja\/wp-json\/wp\/v2\/media?parent=103804"}],"wp:term":[{"taxonomy":"product_brand","embeddable":true,"href":"https:\/\/casafreitas.pt\/loja\/wp-json\/wp\/v2\/product_brand?post=103804"},{"taxonomy":"product_cat","embeddable":true,"href":"https:\/\/casafreitas.pt\/loja\/wp-json\/wp\/v2\/product_cat?post=103804"},{"taxonomy":"product_tag","embeddable":true,"href":"https:\/\/casafreitas.pt\/loja\/wp-json\/wp\/v2\/product_tag?post=103804"}],"curies":[{"name":"wp","href":"https:\/\/api.w.org\/{rel}","templated":true}]}}