{"id":101959,"date":"2025-09-30T12:07:09","date_gmt":"2025-09-30T12:07:09","guid":{"rendered":"https:\/\/casafreitas.pt\/loja\/produto\/lampada-vela-led-e14-7w-600lm-6400k-luz-fria-o35x107cm-edm\/"},"modified":"2025-10-24T02:23:00","modified_gmt":"2025-10-24T02:23:00","slug":"lampada-vela-led-e14-7w-600lm-6400k-luz-fria-o35x107cm-edm","status":"publish","type":"product","link":"https:\/\/casafreitas.pt\/loja\/produto\/lampada-vela-led-e14-7w-600lm-6400k-luz-fria-o35x107cm-edm\/","title":{"rendered":"L\u00e2mpada vela led e14 7w 600lm 6400k luz fria \u00f83,5&#215;10,7cm edm"},"content":{"rendered":"","protected":false},"excerpt":{"rendered":"<p>L\u00e2mpada vela led e14 7w 600lm 6400k luz fria \u00f83,5&#215;10,7cm (di\u00e2metro\/altura) 25000h ac 220-240v classe energ\u00e9tica: f. \u00e2ngulo de abertura: 200\u00b0 edm<\/p>\n","protected":false},"featured_media":101958,"comment_status":"open","ping_status":"closed","template":"","meta":[],"product_brand":[],"product_cat":[17593,18004],"product_tag":[],"class_list":{"0":"post-101959","1":"product","2":"type-product","3":"status-publish","4":"has-post-thumbnail","6":"product_cat-lampadas-velas-construcao","7":"product_cat-construcao","9":"first","10":"instock","11":"taxable","12":"shipping-taxable","13":"purchasable","14":"product-type-simple"},"_links":{"self":[{"href":"https:\/\/casafreitas.pt\/loja\/wp-json\/wp\/v2\/product\/101959","targetHints":{"allow":["GET"]}}],"collection":[{"href":"https:\/\/casafreitas.pt\/loja\/wp-json\/wp\/v2\/product"}],"about":[{"href":"https:\/\/casafreitas.pt\/loja\/wp-json\/wp\/v2\/types\/product"}],"replies":[{"embeddable":true,"href":"https:\/\/casafreitas.pt\/loja\/wp-json\/wp\/v2\/comments?post=101959"}],"version-history":[{"count":1,"href":"https:\/\/casafreitas.pt\/loja\/wp-json\/wp\/v2\/product\/101959\/revisions"}],"predecessor-version":[{"id":101960,"href":"https:\/\/casafreitas.pt\/loja\/wp-json\/wp\/v2\/product\/101959\/revisions\/101960"}],"wp:featuredmedia":[{"embeddable":true,"href":"https:\/\/casafreitas.pt\/loja\/wp-json\/wp\/v2\/media\/101958"}],"wp:attachment":[{"href":"https:\/\/casafreitas.pt\/loja\/wp-json\/wp\/v2\/media?parent=101959"}],"wp:term":[{"taxonomy":"product_brand","embeddable":true,"href":"https:\/\/casafreitas.pt\/loja\/wp-json\/wp\/v2\/product_brand?post=101959"},{"taxonomy":"product_cat","embeddable":true,"href":"https:\/\/casafreitas.pt\/loja\/wp-json\/wp\/v2\/product_cat?post=101959"},{"taxonomy":"product_tag","embeddable":true,"href":"https:\/\/casafreitas.pt\/loja\/wp-json\/wp\/v2\/product_tag?post=101959"}],"curies":[{"name":"wp","href":"https:\/\/api.w.org\/{rel}","templated":true}]}}