{"id":101923,"date":"2025-09-30T12:03:28","date_gmt":"2025-09-30T12:03:28","guid":{"rendered":"https:\/\/casafreitas.pt\/loja\/produto\/lampada-silicone-bi-pin-led-g4-12v-2w-180lm-6400k-luz-fria-o10x37mm-edm\/"},"modified":"2025-10-24T02:22:57","modified_gmt":"2025-10-24T02:22:57","slug":"lampada-silicone-bi-pin-led-g4-12v-2w-180lm-6400k-luz-fria-o10x37mm-edm","status":"publish","type":"product","link":"https:\/\/casafreitas.pt\/loja\/produto\/lampada-silicone-bi-pin-led-g4-12v-2w-180lm-6400k-luz-fria-o10x37mm-edm\/","title":{"rendered":"L\u00e2mpada de silicone bi-pin led g4 12v 2w 180lm 6400k luz fria \u00f810x37mm edm"},"content":{"rendered":"","protected":false},"excerpt":{"rendered":"<p>L\u00e2mpada led de silicone bi-pin g4 12v 2w 180lm 6400k luz fria \u00f810x37mm 25000h classe energ\u00e9tica: f. \u00e2ngulo de abertura: 300\u00b0 edm<\/p>\n","protected":false},"featured_media":101922,"comment_status":"open","ping_status":"closed","template":"","meta":[],"product_brand":[],"product_cat":[17524,18004],"product_tag":[],"class_list":{"0":"post-101923","1":"product","2":"type-product","3":"status-publish","4":"has-post-thumbnail","6":"product_cat-bi-pin-g9-varios-construcao","7":"product_cat-construcao","9":"first","10":"instock","11":"taxable","12":"shipping-taxable","13":"purchasable","14":"product-type-simple"},"_links":{"self":[{"href":"https:\/\/casafreitas.pt\/loja\/wp-json\/wp\/v2\/product\/101923","targetHints":{"allow":["GET"]}}],"collection":[{"href":"https:\/\/casafreitas.pt\/loja\/wp-json\/wp\/v2\/product"}],"about":[{"href":"https:\/\/casafreitas.pt\/loja\/wp-json\/wp\/v2\/types\/product"}],"replies":[{"embeddable":true,"href":"https:\/\/casafreitas.pt\/loja\/wp-json\/wp\/v2\/comments?post=101923"}],"version-history":[{"count":1,"href":"https:\/\/casafreitas.pt\/loja\/wp-json\/wp\/v2\/product\/101923\/revisions"}],"predecessor-version":[{"id":101924,"href":"https:\/\/casafreitas.pt\/loja\/wp-json\/wp\/v2\/product\/101923\/revisions\/101924"}],"wp:featuredmedia":[{"embeddable":true,"href":"https:\/\/casafreitas.pt\/loja\/wp-json\/wp\/v2\/media\/101922"}],"wp:attachment":[{"href":"https:\/\/casafreitas.pt\/loja\/wp-json\/wp\/v2\/media?parent=101923"}],"wp:term":[{"taxonomy":"product_brand","embeddable":true,"href":"https:\/\/casafreitas.pt\/loja\/wp-json\/wp\/v2\/product_brand?post=101923"},{"taxonomy":"product_cat","embeddable":true,"href":"https:\/\/casafreitas.pt\/loja\/wp-json\/wp\/v2\/product_cat?post=101923"},{"taxonomy":"product_tag","embeddable":true,"href":"https:\/\/casafreitas.pt\/loja\/wp-json\/wp\/v2\/product_tag?post=101923"}],"curies":[{"name":"wp","href":"https:\/\/api.w.org\/{rel}","templated":true}]}}