{"id":101911,"date":"2025-09-30T12:02:17","date_gmt":"2025-09-30T12:02:17","guid":{"rendered":"https:\/\/casafreitas.pt\/loja\/produto\/lampada-led-e27-15w-1521lm-6-500k-luz-fria\/"},"modified":"2025-10-24T02:22:56","modified_gmt":"2025-10-24T02:22:56","slug":"lampada-led-e27-15w-1521lm-6-500k-luz-fria","status":"publish","type":"product","link":"https:\/\/casafreitas.pt\/loja\/produto\/lampada-led-e27-15w-1521lm-6-500k-luz-fria\/","title":{"rendered":"L\u00e2mpada led e27 15w 1521lm 6.500k luz fria"},"content":{"rendered":"","protected":false},"excerpt":{"rendered":"<p>L\u00e2mpada 48 led em 2 pain\u00e9is, e27, 15w, 1521lm, 6.500k luz fria, ip20, ra:80, 72ma, n\u00e3o regular, \u00e2ngulo de luz 180\u00ba, vida estimada 25.000h, tens\u00e3o 220-240v 50hz, medidas: 35,5 x 6,3 x 8,6 cm<\/p>\n","protected":false},"featured_media":101910,"comment_status":"open","ping_status":"closed","template":"","meta":[],"product_brand":[],"product_cat":[17589,18004],"product_tag":[],"class_list":{"0":"post-101911","1":"product","2":"type-product","3":"status-publish","4":"has-post-thumbnail","6":"product_cat-lampadas-especiais-led-construcao","7":"product_cat-construcao","9":"first","10":"instock","11":"taxable","12":"shipping-taxable","13":"purchasable","14":"product-type-simple"},"_links":{"self":[{"href":"https:\/\/casafreitas.pt\/loja\/wp-json\/wp\/v2\/product\/101911","targetHints":{"allow":["GET"]}}],"collection":[{"href":"https:\/\/casafreitas.pt\/loja\/wp-json\/wp\/v2\/product"}],"about":[{"href":"https:\/\/casafreitas.pt\/loja\/wp-json\/wp\/v2\/types\/product"}],"replies":[{"embeddable":true,"href":"https:\/\/casafreitas.pt\/loja\/wp-json\/wp\/v2\/comments?post=101911"}],"version-history":[{"count":1,"href":"https:\/\/casafreitas.pt\/loja\/wp-json\/wp\/v2\/product\/101911\/revisions"}],"predecessor-version":[{"id":101912,"href":"https:\/\/casafreitas.pt\/loja\/wp-json\/wp\/v2\/product\/101911\/revisions\/101912"}],"wp:featuredmedia":[{"embeddable":true,"href":"https:\/\/casafreitas.pt\/loja\/wp-json\/wp\/v2\/media\/101910"}],"wp:attachment":[{"href":"https:\/\/casafreitas.pt\/loja\/wp-json\/wp\/v2\/media?parent=101911"}],"wp:term":[{"taxonomy":"product_brand","embeddable":true,"href":"https:\/\/casafreitas.pt\/loja\/wp-json\/wp\/v2\/product_brand?post=101911"},{"taxonomy":"product_cat","embeddable":true,"href":"https:\/\/casafreitas.pt\/loja\/wp-json\/wp\/v2\/product_cat?post=101911"},{"taxonomy":"product_tag","embeddable":true,"href":"https:\/\/casafreitas.pt\/loja\/wp-json\/wp\/v2\/product_tag?post=101911"}],"curies":[{"name":"wp","href":"https:\/\/api.w.org\/{rel}","templated":true}]}}