{"id":101383,"date":"2025-09-30T11:08:06","date_gmt":"2025-09-30T11:08:06","guid":{"rendered":"https:\/\/casafreitas.pt\/loja\/produto\/tira-nodoas-sabao-pasta-branca-500-g-2\/"},"modified":"2025-10-24T02:21:51","modified_gmt":"2025-10-24T02:21:51","slug":"tira-nodoas-sabao-pasta-branca-500-g-2","status":"publish","type":"product","link":"https:\/\/casafreitas.pt\/loja\/produto\/tira-nodoas-sabao-pasta-branca-500-g-2\/","title":{"rendered":"Tira-n\u00f3doas sab\u00e3o pasta branca 500 g"},"content":{"rendered":"","protected":false},"excerpt":{"rendered":"<p>Tira-n\u00f3doas sab\u00e3o pasta branca 500 g. mais conhecido como sab\u00e3o pot\u00e1sico. fabricado com \u00f3leos essenciais, \u00e9 uma alternativa aos detergentes convencionais, 100% sab\u00e3o pot\u00e1sico com \u00f3leos de origem vegetal. n\u00e3o cont\u00e9m perfume. corante, fosfatos nem enzimas<\/p>\n","protected":false},"featured_media":101382,"comment_status":"open","ping_status":"closed","template":"","meta":[],"product_brand":[],"product_cat":[17921,18010],"product_tag":[],"class_list":{"0":"post-101383","1":"product","2":"type-product","3":"status-publish","4":"has-post-thumbnail","6":"product_cat-produtos-para-maquinas-de-lavar-roupa-removedor-de-manchas-limpeza-e-higiene-pessoal","7":"product_cat-limpeza-higiene-pessoal","9":"first","10":"instock","11":"taxable","12":"shipping-taxable","13":"purchasable","14":"product-type-simple"},"_links":{"self":[{"href":"https:\/\/casafreitas.pt\/loja\/wp-json\/wp\/v2\/product\/101383","targetHints":{"allow":["GET"]}}],"collection":[{"href":"https:\/\/casafreitas.pt\/loja\/wp-json\/wp\/v2\/product"}],"about":[{"href":"https:\/\/casafreitas.pt\/loja\/wp-json\/wp\/v2\/types\/product"}],"replies":[{"embeddable":true,"href":"https:\/\/casafreitas.pt\/loja\/wp-json\/wp\/v2\/comments?post=101383"}],"version-history":[{"count":1,"href":"https:\/\/casafreitas.pt\/loja\/wp-json\/wp\/v2\/product\/101383\/revisions"}],"predecessor-version":[{"id":101384,"href":"https:\/\/casafreitas.pt\/loja\/wp-json\/wp\/v2\/product\/101383\/revisions\/101384"}],"wp:featuredmedia":[{"embeddable":true,"href":"https:\/\/casafreitas.pt\/loja\/wp-json\/wp\/v2\/media\/101382"}],"wp:attachment":[{"href":"https:\/\/casafreitas.pt\/loja\/wp-json\/wp\/v2\/media?parent=101383"}],"wp:term":[{"taxonomy":"product_brand","embeddable":true,"href":"https:\/\/casafreitas.pt\/loja\/wp-json\/wp\/v2\/product_brand?post=101383"},{"taxonomy":"product_cat","embeddable":true,"href":"https:\/\/casafreitas.pt\/loja\/wp-json\/wp\/v2\/product_cat?post=101383"},{"taxonomy":"product_tag","embeddable":true,"href":"https:\/\/casafreitas.pt\/loja\/wp-json\/wp\/v2\/product_tag?post=101383"}],"curies":[{"name":"wp","href":"https:\/\/api.w.org\/{rel}","templated":true}]}}