{"id":101362,"date":"2025-09-30T11:06:09","date_gmt":"2025-09-30T11:06:09","guid":{"rendered":"https:\/\/casafreitas.pt\/loja\/produto\/toalhetes-industriais-multissuperficies-80-uds\/"},"modified":"2025-10-24T02:21:49","modified_gmt":"2025-10-24T02:21:49","slug":"toalhetes-industriais-multissuperficies-80-uds","status":"publish","type":"product","link":"https:\/\/casafreitas.pt\/loja\/produto\/toalhetes-industriais-multissuperficies-80-uds\/","title":{"rendered":"Toalhetes industriais multissuperf\u00edcies, 80 uds"},"content":{"rendered":"","protected":false},"excerpt":{"rendered":"<p>Os toalhetes industriais multissuperf\u00edcies oferecem uma limpeza ultra eficaz e capacidade de absor\u00e7\u00e3o. cont\u00e9m 80 unidades. totalmente biodegrad\u00e1veis<\/p>\n","protected":false},"featured_media":101361,"comment_status":"open","ping_status":"closed","template":"","meta":[],"product_brand":[],"product_cat":[17905,18010],"product_tag":[13030],"class_list":{"0":"post-101362","1":"product","2":"type-product","3":"status-publish","4":"has-post-thumbnail","6":"product_cat-lencos-sabonete-para-as-maos-industrial-limpeza-e-higiene-pessoal","7":"product_cat-limpeza-higiene-pessoal","8":"product_tag-big-wipes","10":"first","11":"instock","12":"taxable","13":"shipping-taxable","14":"purchasable","15":"product-type-simple"},"_links":{"self":[{"href":"https:\/\/casafreitas.pt\/loja\/wp-json\/wp\/v2\/product\/101362","targetHints":{"allow":["GET"]}}],"collection":[{"href":"https:\/\/casafreitas.pt\/loja\/wp-json\/wp\/v2\/product"}],"about":[{"href":"https:\/\/casafreitas.pt\/loja\/wp-json\/wp\/v2\/types\/product"}],"replies":[{"embeddable":true,"href":"https:\/\/casafreitas.pt\/loja\/wp-json\/wp\/v2\/comments?post=101362"}],"version-history":[{"count":1,"href":"https:\/\/casafreitas.pt\/loja\/wp-json\/wp\/v2\/product\/101362\/revisions"}],"predecessor-version":[{"id":101363,"href":"https:\/\/casafreitas.pt\/loja\/wp-json\/wp\/v2\/product\/101362\/revisions\/101363"}],"wp:featuredmedia":[{"embeddable":true,"href":"https:\/\/casafreitas.pt\/loja\/wp-json\/wp\/v2\/media\/101361"}],"wp:attachment":[{"href":"https:\/\/casafreitas.pt\/loja\/wp-json\/wp\/v2\/media?parent=101362"}],"wp:term":[{"taxonomy":"product_brand","embeddable":true,"href":"https:\/\/casafreitas.pt\/loja\/wp-json\/wp\/v2\/product_brand?post=101362"},{"taxonomy":"product_cat","embeddable":true,"href":"https:\/\/casafreitas.pt\/loja\/wp-json\/wp\/v2\/product_cat?post=101362"},{"taxonomy":"product_tag","embeddable":true,"href":"https:\/\/casafreitas.pt\/loja\/wp-json\/wp\/v2\/product_tag?post=101362"}],"curies":[{"name":"wp","href":"https:\/\/api.w.org\/{rel}","templated":true}]}}