{"id":101299,"date":"2025-09-30T10:59:53","date_gmt":"2025-09-30T10:59:53","guid":{"rendered":"https:\/\/casafreitas.pt\/loja\/produto\/paso-limpeza-aco-inox-500ml-703022\/"},"modified":"2025-10-24T02:21:31","modified_gmt":"2025-10-24T02:21:31","slug":"paso-limpeza-aco-inox-500ml-703022","status":"publish","type":"product","link":"https:\/\/casafreitas.pt\/loja\/produto\/paso-limpeza-aco-inox-500ml-703022\/","title":{"rendered":"Paso limpeza a\u00e7o inox 500ml 703022"},"content":{"rendered":"","protected":false},"excerpt":{"rendered":"<p>Paso limpeza a\u00e7o inox 500ml. limpa, brilhgo e protege sem arranhar o a\u00e7o inoxidavel, lat\u00e3o e aluminio tanto em interior como no exterior<\/p>\n","protected":false},"featured_media":101298,"comment_status":"open","ping_status":"closed","template":"","meta":[],"product_brand":[],"product_cat":[17909,18010],"product_tag":[],"class_list":{"0":"post-101299","1":"product","2":"type-product","3":"status-publish","4":"has-post-thumbnail","6":"product_cat-limpadores-industrial-limpeza-e-higiene-pessoal","7":"product_cat-limpeza-higiene-pessoal","9":"first","10":"instock","11":"taxable","12":"shipping-taxable","13":"purchasable","14":"product-type-simple"},"_links":{"self":[{"href":"https:\/\/casafreitas.pt\/loja\/wp-json\/wp\/v2\/product\/101299","targetHints":{"allow":["GET"]}}],"collection":[{"href":"https:\/\/casafreitas.pt\/loja\/wp-json\/wp\/v2\/product"}],"about":[{"href":"https:\/\/casafreitas.pt\/loja\/wp-json\/wp\/v2\/types\/product"}],"replies":[{"embeddable":true,"href":"https:\/\/casafreitas.pt\/loja\/wp-json\/wp\/v2\/comments?post=101299"}],"version-history":[{"count":1,"href":"https:\/\/casafreitas.pt\/loja\/wp-json\/wp\/v2\/product\/101299\/revisions"}],"predecessor-version":[{"id":101300,"href":"https:\/\/casafreitas.pt\/loja\/wp-json\/wp\/v2\/product\/101299\/revisions\/101300"}],"wp:featuredmedia":[{"embeddable":true,"href":"https:\/\/casafreitas.pt\/loja\/wp-json\/wp\/v2\/media\/101298"}],"wp:attachment":[{"href":"https:\/\/casafreitas.pt\/loja\/wp-json\/wp\/v2\/media?parent=101299"}],"wp:term":[{"taxonomy":"product_brand","embeddable":true,"href":"https:\/\/casafreitas.pt\/loja\/wp-json\/wp\/v2\/product_brand?post=101299"},{"taxonomy":"product_cat","embeddable":true,"href":"https:\/\/casafreitas.pt\/loja\/wp-json\/wp\/v2\/product_cat?post=101299"},{"taxonomy":"product_tag","embeddable":true,"href":"https:\/\/casafreitas.pt\/loja\/wp-json\/wp\/v2\/product_tag?post=101299"}],"curies":[{"name":"wp","href":"https:\/\/api.w.org\/{rel}","templated":true}]}}