{"id":101173,"date":"2025-09-30T10:47:26","date_gmt":"2025-09-30T10:47:26","guid":{"rendered":"https:\/\/casafreitas.pt\/loja\/produto\/limpador-revitalizante-tapetes-tapetes-600-ml\/"},"modified":"2025-10-24T02:21:17","modified_gmt":"2025-10-24T02:21:17","slug":"limpador-revitalizante-tapetes-tapetes-600-ml","status":"publish","type":"product","link":"https:\/\/casafreitas.pt\/loja\/produto\/limpador-revitalizante-tapetes-tapetes-600-ml\/","title":{"rendered":"Limpador revitalizante de tapetes e tapetes, 600 ml"},"content":{"rendered":"","protected":false},"excerpt":{"rendered":"<p>Limpador revitalizante de tapetes e tapetes, 600 ml. remova manchas recentes localmente. para fibras sint\u00e9ticas e naturais, l\u00e3, m\u00f3veis ou estofados de ve\u00edculos, pancos do mar, salvo contraindica\u00e7\u00e3o do fabricante. desempenho: aprox. 20 m\u00b2. perfume agrad\u00e1vel (lim\u00e3o).<\/p>\n","protected":false},"featured_media":101172,"comment_status":"open","ping_status":"closed","template":"","meta":[],"product_brand":[],"product_cat":[18031,18010],"product_tag":[],"class_list":{"0":"post-101173","1":"product","2":"type-product","3":"status-publish","4":"has-post-thumbnail","6":"product_cat-limpadores-limpeza-higiene-pessoal-limpeza-higiene-pessoal","7":"product_cat-limpeza-higiene-pessoal","9":"first","10":"instock","11":"taxable","12":"shipping-taxable","13":"purchasable","14":"product-type-simple"},"_links":{"self":[{"href":"https:\/\/casafreitas.pt\/loja\/wp-json\/wp\/v2\/product\/101173","targetHints":{"allow":["GET"]}}],"collection":[{"href":"https:\/\/casafreitas.pt\/loja\/wp-json\/wp\/v2\/product"}],"about":[{"href":"https:\/\/casafreitas.pt\/loja\/wp-json\/wp\/v2\/types\/product"}],"replies":[{"embeddable":true,"href":"https:\/\/casafreitas.pt\/loja\/wp-json\/wp\/v2\/comments?post=101173"}],"version-history":[{"count":1,"href":"https:\/\/casafreitas.pt\/loja\/wp-json\/wp\/v2\/product\/101173\/revisions"}],"predecessor-version":[{"id":101174,"href":"https:\/\/casafreitas.pt\/loja\/wp-json\/wp\/v2\/product\/101173\/revisions\/101174"}],"wp:featuredmedia":[{"embeddable":true,"href":"https:\/\/casafreitas.pt\/loja\/wp-json\/wp\/v2\/media\/101172"}],"wp:attachment":[{"href":"https:\/\/casafreitas.pt\/loja\/wp-json\/wp\/v2\/media?parent=101173"}],"wp:term":[{"taxonomy":"product_brand","embeddable":true,"href":"https:\/\/casafreitas.pt\/loja\/wp-json\/wp\/v2\/product_brand?post=101173"},{"taxonomy":"product_cat","embeddable":true,"href":"https:\/\/casafreitas.pt\/loja\/wp-json\/wp\/v2\/product_cat?post=101173"},{"taxonomy":"product_tag","embeddable":true,"href":"https:\/\/casafreitas.pt\/loja\/wp-json\/wp\/v2\/product_tag?post=101173"}],"curies":[{"name":"wp","href":"https:\/\/api.w.org\/{rel}","templated":true}]}}