{"id":101140,"date":"2025-09-30T10:43:56","date_gmt":"2025-09-30T10:43:56","guid":{"rendered":"https:\/\/casafreitas.pt\/loja\/produto\/polimento-protetor-2-em-1-1-l\/"},"modified":"2025-10-24T02:21:15","modified_gmt":"2025-10-24T02:21:15","slug":"polimento-protetor-2-em-1-1-l","status":"publish","type":"product","link":"https:\/\/casafreitas.pt\/loja\/produto\/polimento-protetor-2-em-1-1-l\/","title":{"rendered":"Polimento protetor 2 em 1, 1 l."},"content":{"rendered":"","protected":false},"excerpt":{"rendered":"<p>Polidor de prote\u00e7\u00e3o 2 em 1 (telhas catal\u00e3 e terracota). mant\u00e9m e restaura o brilho, difunde arranh\u00f5es e prolonga o efeito protetor do renovador, usado dilu\u00eddo, n\u00e3o precisa enxaguar, n\u00e3o resalva. fa\u00e7a um teste antes.<\/p>\n","protected":false},"featured_media":101139,"comment_status":"open","ping_status":"closed","template":"","meta":[],"product_brand":[],"product_cat":[17902,18010],"product_tag":[],"class_list":{"0":"post-101140","1":"product","2":"type-product","3":"status-publish","4":"has-post-thumbnail","6":"product_cat-lavadores-polidores-de-chao-limpeza-e-higiene-pessoal","7":"product_cat-limpeza-higiene-pessoal","9":"first","10":"instock","11":"taxable","12":"shipping-taxable","13":"purchasable","14":"product-type-simple"},"_links":{"self":[{"href":"https:\/\/casafreitas.pt\/loja\/wp-json\/wp\/v2\/product\/101140","targetHints":{"allow":["GET"]}}],"collection":[{"href":"https:\/\/casafreitas.pt\/loja\/wp-json\/wp\/v2\/product"}],"about":[{"href":"https:\/\/casafreitas.pt\/loja\/wp-json\/wp\/v2\/types\/product"}],"replies":[{"embeddable":true,"href":"https:\/\/casafreitas.pt\/loja\/wp-json\/wp\/v2\/comments?post=101140"}],"version-history":[{"count":1,"href":"https:\/\/casafreitas.pt\/loja\/wp-json\/wp\/v2\/product\/101140\/revisions"}],"predecessor-version":[{"id":101141,"href":"https:\/\/casafreitas.pt\/loja\/wp-json\/wp\/v2\/product\/101140\/revisions\/101141"}],"wp:featuredmedia":[{"embeddable":true,"href":"https:\/\/casafreitas.pt\/loja\/wp-json\/wp\/v2\/media\/101139"}],"wp:attachment":[{"href":"https:\/\/casafreitas.pt\/loja\/wp-json\/wp\/v2\/media?parent=101140"}],"wp:term":[{"taxonomy":"product_brand","embeddable":true,"href":"https:\/\/casafreitas.pt\/loja\/wp-json\/wp\/v2\/product_brand?post=101140"},{"taxonomy":"product_cat","embeddable":true,"href":"https:\/\/casafreitas.pt\/loja\/wp-json\/wp\/v2\/product_cat?post=101140"},{"taxonomy":"product_tag","embeddable":true,"href":"https:\/\/casafreitas.pt\/loja\/wp-json\/wp\/v2\/product_tag?post=101140"}],"curies":[{"name":"wp","href":"https:\/\/api.w.org\/{rel}","templated":true}]}}