{"id":100828,"date":"2025-09-30T10:16:21","date_gmt":"2025-09-30T10:16:21","guid":{"rendered":"https:\/\/casafreitas.pt\/loja\/produto\/tubo-led-t8-16-w-g13-1600-lm-4000-k-luz-dia-28-x-1214-cm\/"},"modified":"2025-10-24T02:20:47","modified_gmt":"2025-10-24T02:20:47","slug":"tubo-led-t8-16-w-g13-1600-lm-4000-k-luz-dia-28-x-1214-cm","status":"publish","type":"product","link":"https:\/\/casafreitas.pt\/loja\/produto\/tubo-led-t8-16-w-g13-1600-lm-4000-k-luz-dia-28-x-1214-cm\/","title":{"rendered":"Tubo led t8 16 w g13 1600 lm 4000 k luz do dia, \u00f8 2,8 x 121,4 cm"},"content":{"rendered":"","protected":false},"excerpt":{"rendered":"<p>Tubo led t8 16 w g13, 1600 lm, luz do dia 4000 k, cri 80, classifica\u00e7\u00e3o energ\u00e9tica f, vida \u00fatil: 15.000 h, 220 &#8211; 240 v ca 50\/60 hz. fluxo luminoso: 360\u00b0. dimens\u00f5es: \u00f8 2,8 x 121,4 cm<\/p>\n","protected":false},"featured_media":100827,"comment_status":"open","ping_status":"closed","template":"","meta":[],"product_brand":[],"product_cat":[17669,18004],"product_tag":[],"class_list":{"0":"post-100828","1":"product","2":"type-product","3":"status-publish","4":"has-post-thumbnail","6":"product_cat-tubos-de-led-sofitos-linestras-construcao","7":"product_cat-construcao","9":"first","10":"instock","11":"taxable","12":"shipping-taxable","13":"purchasable","14":"product-type-simple"},"_links":{"self":[{"href":"https:\/\/casafreitas.pt\/loja\/wp-json\/wp\/v2\/product\/100828","targetHints":{"allow":["GET"]}}],"collection":[{"href":"https:\/\/casafreitas.pt\/loja\/wp-json\/wp\/v2\/product"}],"about":[{"href":"https:\/\/casafreitas.pt\/loja\/wp-json\/wp\/v2\/types\/product"}],"replies":[{"embeddable":true,"href":"https:\/\/casafreitas.pt\/loja\/wp-json\/wp\/v2\/comments?post=100828"}],"version-history":[{"count":1,"href":"https:\/\/casafreitas.pt\/loja\/wp-json\/wp\/v2\/product\/100828\/revisions"}],"predecessor-version":[{"id":100829,"href":"https:\/\/casafreitas.pt\/loja\/wp-json\/wp\/v2\/product\/100828\/revisions\/100829"}],"wp:featuredmedia":[{"embeddable":true,"href":"https:\/\/casafreitas.pt\/loja\/wp-json\/wp\/v2\/media\/100827"}],"wp:attachment":[{"href":"https:\/\/casafreitas.pt\/loja\/wp-json\/wp\/v2\/media?parent=100828"}],"wp:term":[{"taxonomy":"product_brand","embeddable":true,"href":"https:\/\/casafreitas.pt\/loja\/wp-json\/wp\/v2\/product_brand?post=100828"},{"taxonomy":"product_cat","embeddable":true,"href":"https:\/\/casafreitas.pt\/loja\/wp-json\/wp\/v2\/product_cat?post=100828"},{"taxonomy":"product_tag","embeddable":true,"href":"https:\/\/casafreitas.pt\/loja\/wp-json\/wp\/v2\/product_tag?post=100828"}],"curies":[{"name":"wp","href":"https:\/\/api.w.org\/{rel}","templated":true}]}}