{"id":100744,"date":"2025-09-30T10:08:39","date_gmt":"2025-09-30T10:08:39","guid":{"rendered":"https:\/\/casafreitas.pt\/loja\/produto\/downlight-led-superficie-encastrar-165w-1300lm-4000k-luz-dia-mod-meson-o1701x5cm-philips\/"},"modified":"2025-10-24T02:20:43","modified_gmt":"2025-10-24T02:20:43","slug":"downlight-led-superficie-encastrar-165w-1300lm-4000k-luz-dia-mod-meson-o1701x5cm-philips","status":"publish","type":"product","link":"https:\/\/casafreitas.pt\/loja\/produto\/downlight-led-superficie-encastrar-165w-1300lm-4000k-luz-dia-mod-meson-o1701x5cm-philips\/","title":{"rendered":"Downlight led de superf\u00edcie\/encastrar 16,5w 1300lm 4000k luz dia. mod. meson \u00f817,01x5cm philips"},"content":{"rendered":"","protected":false},"excerpt":{"rendered":"<p>Downlight led de superf\u00edcie\/encastrar 16,5w 1300lm 4000k luz dia. mod. m\u00e9son. feito de pl\u00e1stico. cor branca. ip20, irc 80, n\u00e3o ajust\u00e1vel, \u00e2ngulo de abertura 110\u00b0, grau de prote\u00e7\u00e3o ip20 tamanho: \u00f817,01x5cm (di\u00e2metro\/altura). tens\u00e3o: 220-240v. philips<\/p>\n","protected":false},"featured_media":100743,"comment_status":"open","ping_status":"closed","template":"","meta":[],"product_brand":[],"product_cat":[17941,18008],"product_tag":[],"class_list":{"0":"post-100744","1":"product","2":"type-product","3":"status-publish","4":"has-post-thumbnail","6":"product_cat-downlights-rebaixados-iluminacao-2","7":"product_cat-iluminacao","9":"first","10":"instock","11":"taxable","12":"shipping-taxable","13":"purchasable","14":"product-type-simple"},"_links":{"self":[{"href":"https:\/\/casafreitas.pt\/loja\/wp-json\/wp\/v2\/product\/100744","targetHints":{"allow":["GET"]}}],"collection":[{"href":"https:\/\/casafreitas.pt\/loja\/wp-json\/wp\/v2\/product"}],"about":[{"href":"https:\/\/casafreitas.pt\/loja\/wp-json\/wp\/v2\/types\/product"}],"replies":[{"embeddable":true,"href":"https:\/\/casafreitas.pt\/loja\/wp-json\/wp\/v2\/comments?post=100744"}],"version-history":[{"count":1,"href":"https:\/\/casafreitas.pt\/loja\/wp-json\/wp\/v2\/product\/100744\/revisions"}],"predecessor-version":[{"id":100745,"href":"https:\/\/casafreitas.pt\/loja\/wp-json\/wp\/v2\/product\/100744\/revisions\/100745"}],"wp:featuredmedia":[{"embeddable":true,"href":"https:\/\/casafreitas.pt\/loja\/wp-json\/wp\/v2\/media\/100743"}],"wp:attachment":[{"href":"https:\/\/casafreitas.pt\/loja\/wp-json\/wp\/v2\/media?parent=100744"}],"wp:term":[{"taxonomy":"product_brand","embeddable":true,"href":"https:\/\/casafreitas.pt\/loja\/wp-json\/wp\/v2\/product_brand?post=100744"},{"taxonomy":"product_cat","embeddable":true,"href":"https:\/\/casafreitas.pt\/loja\/wp-json\/wp\/v2\/product_cat?post=100744"},{"taxonomy":"product_tag","embeddable":true,"href":"https:\/\/casafreitas.pt\/loja\/wp-json\/wp\/v2\/product_tag?post=100744"}],"curies":[{"name":"wp","href":"https:\/\/api.w.org\/{rel}","templated":true}]}}