{"id":100711,"date":"2025-09-30T10:05:44","date_gmt":"2025-09-30T10:05:44","guid":{"rendered":"https:\/\/casafreitas.pt\/loja\/produto\/limbali-gu10-projector-2-elementos-lampada-nao-incluida-cor-cromado-fosco-285-x-10-x-155-cm\/"},"modified":"2025-10-24T02:20:41","modified_gmt":"2025-10-24T02:20:41","slug":"limbali-gu10-projector-2-elementos-lampada-nao-incluida-cor-cromado-fosco-285-x-10-x-155-cm","status":"publish","type":"product","link":"https:\/\/casafreitas.pt\/loja\/produto\/limbali-gu10-projector-2-elementos-lampada-nao-incluida-cor-cromado-fosco-285-x-10-x-155-cm\/","title":{"rendered":"Limbali gu10 projector de 2 elementos (l\u00e2mpada n\u00e3o inclu\u00edda) cor cromado fosco 28,5 x 10 x 15,5 cm"},"content":{"rendered":"","protected":false},"excerpt":{"rendered":"<p>Candeeiro de teto 2 focos mod. limbali gu10. l\u00e2mpadas n\u00e3o inclu\u00eddas, fabricado e metal. foco ajust\u00e1vel, grau de prote\u00e7\u00e3o: ip20, tamanho: 28,5x10x15,5cm (largura\/profundidade\/altura) 220-240v philips<\/p>\n","protected":false},"featured_media":100710,"comment_status":"open","ping_status":"closed","template":"","meta":[],"product_brand":[],"product_cat":[17946,18008],"product_tag":[],"class_list":{"0":"post-100711","1":"product","2":"type-product","3":"status-publish","4":"has-post-thumbnail","6":"product_cat-focos-armaduras-iluminacao-2","7":"product_cat-iluminacao","9":"first","10":"instock","11":"taxable","12":"shipping-taxable","13":"purchasable","14":"product-type-simple"},"_links":{"self":[{"href":"https:\/\/casafreitas.pt\/loja\/wp-json\/wp\/v2\/product\/100711","targetHints":{"allow":["GET"]}}],"collection":[{"href":"https:\/\/casafreitas.pt\/loja\/wp-json\/wp\/v2\/product"}],"about":[{"href":"https:\/\/casafreitas.pt\/loja\/wp-json\/wp\/v2\/types\/product"}],"replies":[{"embeddable":true,"href":"https:\/\/casafreitas.pt\/loja\/wp-json\/wp\/v2\/comments?post=100711"}],"version-history":[{"count":1,"href":"https:\/\/casafreitas.pt\/loja\/wp-json\/wp\/v2\/product\/100711\/revisions"}],"predecessor-version":[{"id":100712,"href":"https:\/\/casafreitas.pt\/loja\/wp-json\/wp\/v2\/product\/100711\/revisions\/100712"}],"wp:featuredmedia":[{"embeddable":true,"href":"https:\/\/casafreitas.pt\/loja\/wp-json\/wp\/v2\/media\/100710"}],"wp:attachment":[{"href":"https:\/\/casafreitas.pt\/loja\/wp-json\/wp\/v2\/media?parent=100711"}],"wp:term":[{"taxonomy":"product_brand","embeddable":true,"href":"https:\/\/casafreitas.pt\/loja\/wp-json\/wp\/v2\/product_brand?post=100711"},{"taxonomy":"product_cat","embeddable":true,"href":"https:\/\/casafreitas.pt\/loja\/wp-json\/wp\/v2\/product_cat?post=100711"},{"taxonomy":"product_tag","embeddable":true,"href":"https:\/\/casafreitas.pt\/loja\/wp-json\/wp\/v2\/product_tag?post=100711"}],"curies":[{"name":"wp","href":"https:\/\/api.w.org\/{rel}","templated":true}]}}