{"id":100384,"date":"2025-09-30T09:34:48","date_gmt":"2025-09-30T09:34:48","guid":{"rendered":"https:\/\/casafreitas.pt\/loja\/produto\/candeeiro-solar-tatil-22cm-cores-sortidas-897850\/"},"modified":"2025-10-24T02:19:42","modified_gmt":"2025-10-24T02:19:42","slug":"candeeiro-solar-tatil-22cm-cores-sortidas-897850","status":"publish","type":"product","link":"https:\/\/casafreitas.pt\/loja\/produto\/candeeiro-solar-tatil-22cm-cores-sortidas-897850\/","title":{"rendered":"Candeeiro solar t\u00e1til 22cm cores sortidas 897850"},"content":{"rendered":"","protected":false},"excerpt":{"rendered":"<p>Candeeiro solar t\u00e1til 22cm cores sortidas 897850 com tr\u00eas cores: branco, cinzento e preto. com lumenes ajust\u00e1veis 40 &#8211; 200 &#8211; 450. com interruptor t\u00e1til com autonomia de 8h<\/p>\n","protected":false},"featured_media":100383,"comment_status":"open","ping_status":"closed","template":"","meta":[],"product_brand":[],"product_cat":[17953,18008],"product_tag":[],"class_list":{"0":"post-100384","1":"product","2":"type-product","3":"status-publish","4":"has-post-thumbnail","6":"product_cat-iluminacao-solar-iluminacao-2","7":"product_cat-iluminacao","9":"first","10":"instock","11":"taxable","12":"shipping-taxable","13":"purchasable","14":"product-type-simple"},"_links":{"self":[{"href":"https:\/\/casafreitas.pt\/loja\/wp-json\/wp\/v2\/product\/100384","targetHints":{"allow":["GET"]}}],"collection":[{"href":"https:\/\/casafreitas.pt\/loja\/wp-json\/wp\/v2\/product"}],"about":[{"href":"https:\/\/casafreitas.pt\/loja\/wp-json\/wp\/v2\/types\/product"}],"replies":[{"embeddable":true,"href":"https:\/\/casafreitas.pt\/loja\/wp-json\/wp\/v2\/comments?post=100384"}],"version-history":[{"count":1,"href":"https:\/\/casafreitas.pt\/loja\/wp-json\/wp\/v2\/product\/100384\/revisions"}],"predecessor-version":[{"id":100385,"href":"https:\/\/casafreitas.pt\/loja\/wp-json\/wp\/v2\/product\/100384\/revisions\/100385"}],"wp:featuredmedia":[{"embeddable":true,"href":"https:\/\/casafreitas.pt\/loja\/wp-json\/wp\/v2\/media\/100383"}],"wp:attachment":[{"href":"https:\/\/casafreitas.pt\/loja\/wp-json\/wp\/v2\/media?parent=100384"}],"wp:term":[{"taxonomy":"product_brand","embeddable":true,"href":"https:\/\/casafreitas.pt\/loja\/wp-json\/wp\/v2\/product_brand?post=100384"},{"taxonomy":"product_cat","embeddable":true,"href":"https:\/\/casafreitas.pt\/loja\/wp-json\/wp\/v2\/product_cat?post=100384"},{"taxonomy":"product_tag","embeddable":true,"href":"https:\/\/casafreitas.pt\/loja\/wp-json\/wp\/v2\/product_tag?post=100384"}],"curies":[{"name":"wp","href":"https:\/\/api.w.org\/{rel}","templated":true}]}}