{"id":100114,"date":"2025-09-30T09:10:16","date_gmt":"2025-09-30T09:10:16","guid":{"rendered":"https:\/\/casafreitas.pt\/loja\/produto\/floreira-com-prato-integrado-cor-antracita-80x20cm\/"},"modified":"2025-10-24T02:19:19","modified_gmt":"2025-10-24T02:19:19","slug":"floreira-com-prato-integrado-cor-antracita-80x20cm","status":"publish","type":"product","link":"https:\/\/casafreitas.pt\/loja\/produto\/floreira-com-prato-integrado-cor-antracita-80x20cm\/","title":{"rendered":"Floreira com prato integrado cor antracita 80x20cm"},"content":{"rendered":"","protected":false},"excerpt":{"rendered":"<p>Floreira com prato integrado cor antracita 80x20cm. (largura\/profundidade) desenvolvido para uso exterior devido \u00e0 sua alta resist\u00eancia \u00e0 luz solar, \u00e0 sua robustez e \u00e0 sua textura<\/p>\n","protected":false},"featured_media":100113,"comment_status":"open","ping_status":"closed","template":"","meta":[],"product_brand":[],"product_cat":[17867,18009],"product_tag":[],"class_list":{"0":"post-100114","1":"product","2":"type-product","3":"status-publish","4":"has-post-thumbnail","6":"product_cat-vasos-bases-bordaduras-jardim-e-espaco-exterior","7":"product_cat-jardim-espaco-exterior","9":"first","10":"instock","11":"taxable","12":"shipping-taxable","13":"purchasable","14":"product-type-simple"},"_links":{"self":[{"href":"https:\/\/casafreitas.pt\/loja\/wp-json\/wp\/v2\/product\/100114","targetHints":{"allow":["GET"]}}],"collection":[{"href":"https:\/\/casafreitas.pt\/loja\/wp-json\/wp\/v2\/product"}],"about":[{"href":"https:\/\/casafreitas.pt\/loja\/wp-json\/wp\/v2\/types\/product"}],"replies":[{"embeddable":true,"href":"https:\/\/casafreitas.pt\/loja\/wp-json\/wp\/v2\/comments?post=100114"}],"version-history":[{"count":1,"href":"https:\/\/casafreitas.pt\/loja\/wp-json\/wp\/v2\/product\/100114\/revisions"}],"predecessor-version":[{"id":100115,"href":"https:\/\/casafreitas.pt\/loja\/wp-json\/wp\/v2\/product\/100114\/revisions\/100115"}],"wp:featuredmedia":[{"embeddable":true,"href":"https:\/\/casafreitas.pt\/loja\/wp-json\/wp\/v2\/media\/100113"}],"wp:attachment":[{"href":"https:\/\/casafreitas.pt\/loja\/wp-json\/wp\/v2\/media?parent=100114"}],"wp:term":[{"taxonomy":"product_brand","embeddable":true,"href":"https:\/\/casafreitas.pt\/loja\/wp-json\/wp\/v2\/product_brand?post=100114"},{"taxonomy":"product_cat","embeddable":true,"href":"https:\/\/casafreitas.pt\/loja\/wp-json\/wp\/v2\/product_cat?post=100114"},{"taxonomy":"product_tag","embeddable":true,"href":"https:\/\/casafreitas.pt\/loja\/wp-json\/wp\/v2\/product_tag?post=100114"}],"curies":[{"name":"wp","href":"https:\/\/api.w.org\/{rel}","templated":true}]}}