{"id":100033,"date":"2025-09-30T09:04:21","date_gmt":"2025-09-30T09:04:21","guid":{"rendered":"https:\/\/casafreitas.pt\/loja\/produto\/kit-extracao-oleo-7199000020-garland\/"},"modified":"2025-10-24T02:19:10","modified_gmt":"2025-10-24T02:19:10","slug":"kit-extracao-oleo-7199000020-garland","status":"publish","type":"product","link":"https:\/\/casafreitas.pt\/loja\/produto\/kit-extracao-oleo-7199000020-garland\/","title":{"rendered":"Kit extra\u00e7\u00e3o de \u00f3leo 7199000020 garland"},"content":{"rendered":"","protected":false},"excerpt":{"rendered":"<p>Kit completo para extrair de modo pr\u00e1tico e limpo o \u00f3leo de motores a 4 tempos mediante o orif\u00edcio de abastecimento. inclui dispositivo de aspira\u00e7\u00e3o mediante bomba de suc\u00e7\u00e3o com tubo. recipiente para recolha de \u00f3leo e funil anti-derrames garland<\/p>\n","protected":false},"featured_media":100032,"comment_status":"open","ping_status":"closed","template":"","meta":[],"product_brand":[],"product_cat":[17545,18004],"product_tag":[],"class_list":{"0":"post-100033","1":"product","2":"type-product","3":"status-publish","4":"has-post-thumbnail","6":"product_cat-diversos-construcao","7":"product_cat-construcao","9":"first","10":"instock","11":"taxable","12":"shipping-taxable","13":"purchasable","14":"product-type-simple"},"_links":{"self":[{"href":"https:\/\/casafreitas.pt\/loja\/wp-json\/wp\/v2\/product\/100033","targetHints":{"allow":["GET"]}}],"collection":[{"href":"https:\/\/casafreitas.pt\/loja\/wp-json\/wp\/v2\/product"}],"about":[{"href":"https:\/\/casafreitas.pt\/loja\/wp-json\/wp\/v2\/types\/product"}],"replies":[{"embeddable":true,"href":"https:\/\/casafreitas.pt\/loja\/wp-json\/wp\/v2\/comments?post=100033"}],"version-history":[{"count":1,"href":"https:\/\/casafreitas.pt\/loja\/wp-json\/wp\/v2\/product\/100033\/revisions"}],"predecessor-version":[{"id":100034,"href":"https:\/\/casafreitas.pt\/loja\/wp-json\/wp\/v2\/product\/100033\/revisions\/100034"}],"wp:featuredmedia":[{"embeddable":true,"href":"https:\/\/casafreitas.pt\/loja\/wp-json\/wp\/v2\/media\/100032"}],"wp:attachment":[{"href":"https:\/\/casafreitas.pt\/loja\/wp-json\/wp\/v2\/media?parent=100033"}],"wp:term":[{"taxonomy":"product_brand","embeddable":true,"href":"https:\/\/casafreitas.pt\/loja\/wp-json\/wp\/v2\/product_brand?post=100033"},{"taxonomy":"product_cat","embeddable":true,"href":"https:\/\/casafreitas.pt\/loja\/wp-json\/wp\/v2\/product_cat?post=100033"},{"taxonomy":"product_tag","embeddable":true,"href":"https:\/\/casafreitas.pt\/loja\/wp-json\/wp\/v2\/product_tag?post=100033"}],"curies":[{"name":"wp","href":"https:\/\/api.w.org\/{rel}","templated":true}]}}